{"id":997,"date":"2017-02-09T10:06:09","date_gmt":"2017-02-09T09:06:09","guid":{"rendered":"https:\/\/cftc-dartyidf.fr\/?page_id=997"},"modified":"2017-02-09T10:19:06","modified_gmt":"2017-02-09T09:19:06","slug":"la-prime-danciennete","status":"publish","type":"page","link":"https:\/\/cftc-dartyidf.fr\/index.php\/la-prime-danciennete\/","title":{"rendered":"La prime d&#8217;anciennet\u00e9"},"content":{"rendered":"<p>Calcul de la prime d&#8217;anciennet\u00e9 :<\/p>\n<p>1\/ Retrouver niveau et \u00e9chelon sur votre fiche de paie<\/p>\n<p>2\/ Trouver le salaire minimum correspondant dans le tableau 1<\/p>\n<p>3\/ Trouver le pourcentage du salaire en fonction de l\u2019anciennet\u00e9 dans le tableau 2 4\/ Prime d\u2019anciennet\u00e9 = Salaire minimum de la convention multipli\u00e9 par le pourcentage du salaire minimum<\/p>\n<p>Salaire minimum de la convention collective nationale au 01\/07\/2013<\/p>\n<table>\n<tbody>\n<tr>\n<td style=\"text-align: center;\" colspan=\"3\" width=\"209\"><strong>TABLEAU 1<\/strong><\/td>\n<\/tr>\n<tr>\n<td style=\"text-align: center;\" width=\"61\">Niveau<\/td>\n<td style=\"text-align: center;\" width=\"64\">Echellon<\/td>\n<td style=\"text-align: center;\" width=\"84\">Salaire Minimum<\/td>\n<\/tr>\n<tr>\n<td style=\"text-align: center;\" rowspan=\"3\" width=\"61\">1<\/td>\n<td style=\"text-align: center;\" width=\"64\">1<\/td>\n<td style=\"text-align: center;\" width=\"84\">1435,55 \u20ac<\/td>\n<\/tr>\n<tr>\n<td style=\"text-align: center;\" width=\"64\">2<\/td>\n<td style=\"text-align: center;\" width=\"84\">1440,47 \u20ac<\/td>\n<\/tr>\n<tr>\n<td style=\"text-align: center;\" width=\"64\">3<\/td>\n<td style=\"text-align: center;\" width=\"84\">1450,34 \u20ac<\/td>\n<\/tr>\n<tr>\n<td style=\"text-align: center;\" rowspan=\"3\" width=\"61\">2<\/td>\n<td style=\"text-align: center;\" width=\"64\">1<\/td>\n<td style=\"text-align: center;\" width=\"84\">1485,21 \u20ac<\/td>\n<\/tr>\n<tr>\n<td style=\"text-align: center;\" width=\"64\">2<\/td>\n<td style=\"text-align: center;\" width=\"84\">1522,99 \u20ac<\/td>\n<\/tr>\n<tr>\n<td style=\"text-align: center;\" width=\"64\">3<\/td>\n<td style=\"text-align: center;\" width=\"84\">1560,72 \u20ac<\/td>\n<\/tr>\n<tr>\n<td style=\"text-align: center;\" rowspan=\"3\" width=\"61\">3<\/td>\n<td style=\"text-align: center;\" width=\"64\">1<\/td>\n<td style=\"text-align: center;\" width=\"84\">1598,48 \u20ac<\/td>\n<\/tr>\n<tr>\n<td style=\"text-align: center;\" width=\"64\">2<\/td>\n<td style=\"text-align: center;\" width=\"84\">1636,22 \u20ac<\/td>\n<\/tr>\n<tr>\n<td style=\"text-align: center;\" width=\"64\">3<\/td>\n<td style=\"text-align: center;\" width=\"84\">1673,96 \u20ac<\/td>\n<\/tr>\n<tr>\n<td style=\"text-align: center;\" rowspan=\"3\" width=\"61\">4<\/td>\n<td style=\"text-align: center;\" width=\"64\">1<\/td>\n<td style=\"text-align: center;\" width=\"84\">1728,13 \u20ac<\/td>\n<\/tr>\n<tr>\n<td style=\"text-align: center;\" width=\"64\">2<\/td>\n<td style=\"text-align: center;\" width=\"84\">1934,89 \u20ac<\/td>\n<\/tr>\n<tr>\n<td style=\"text-align: center;\" width=\"64\">3<\/td>\n<td style=\"text-align: center;\" width=\"84\">2140,05 \u20ac<\/td>\n<\/tr>\n<tr>\n<td style=\"text-align: center;\" rowspan=\"4\" width=\"61\">5<\/p>\n<p>(cadres)<\/td>\n<td style=\"text-align: center;\" width=\"64\">1<\/td>\n<td style=\"text-align: center;\" width=\"84\">1945,53 \u20ac<\/td>\n<\/tr>\n<tr>\n<td style=\"text-align: center;\" width=\"64\">2<\/td>\n<td style=\"text-align: center;\" width=\"84\">2429,78 \u20ac<\/td>\n<\/tr>\n<tr>\n<td style=\"text-align: center;\" width=\"64\">3<\/td>\n<td style=\"text-align: center;\" width=\"84\">2904,38 \u20ac<\/td>\n<\/tr>\n<tr>\n<td style=\"text-align: center;\" width=\"64\">4<\/td>\n<td style=\"text-align: center;\" width=\"84\">3377,90 \u20ac<\/td>\n<\/tr>\n<\/tbody>\n<\/table>\n<p>&nbsp;<\/p>\n<table>\n<tbody>\n<tr>\n<td style=\"text-align: center;\" colspan=\"2\" width=\"274\"><strong>TABLEAU 2<\/strong><\/td>\n<\/tr>\n<tr>\n<td style=\"text-align: center;\" width=\"142\">ANCIENNETE en nombre d\u2019ann\u00e9es r\u00e9volues<\/td>\n<td style=\"text-align: center;\" width=\"132\">Pourcentage du salaire minimum<\/td>\n<\/tr>\n<tr>\n<td style=\"text-align: center;\" width=\"142\">3 et 4 ans<\/td>\n<td style=\"text-align: center;\" width=\"132\">3<\/td>\n<\/tr>\n<tr>\n<td style=\"text-align: center;\" width=\"142\">5 et 6 ans<\/td>\n<td style=\"text-align: center;\" width=\"132\">5<\/td>\n<\/tr>\n<tr>\n<td style=\"text-align: center;\" width=\"142\">7 et 8 ans<\/td>\n<td style=\"text-align: center;\" width=\"132\">7<\/td>\n<\/tr>\n<tr>\n<td style=\"text-align: center;\" width=\"142\">9 et 10 ans<\/td>\n<td style=\"text-align: center;\" width=\"132\">9<\/td>\n<\/tr>\n<tr>\n<td style=\"text-align: center;\" width=\"142\">11 et 12 ans<\/td>\n<td style=\"text-align: center;\" width=\"132\">11<\/td>\n<\/tr>\n<tr>\n<td style=\"text-align: center;\" width=\"142\">13 et 14 ans<\/td>\n<td style=\"text-align: center;\" width=\"132\">13<\/td>\n<\/tr>\n<tr>\n<td style=\"text-align: center;\" width=\"142\">15 (maximum)<\/td>\n<td style=\"text-align: center;\" width=\"132\">15<\/td>\n<\/tr>\n<\/tbody>\n<\/table>\n<p>&nbsp;<\/p>\n<p>Le passage d\u2019une tranche \u00e0 la suivante se fait tous les 2 ans, \u00e0 partir de la 3\u00e8me ann\u00e9e r\u00e9volue.<\/p>\n<p>Le versement se fait comme suit :<\/p>\n<ul>\n<li>sur la paie du mois anniversaire de l\u2019embauche si la date d\u2019entr\u00e9e dans l\u2019entreprise est ant\u00e9rieure au 15 de ce mois.<\/li>\n<li>Sur la paie du mois suivant si la date d\u2019entr\u00e9e dans l\u2019entreprise est post\u00e9rieure au 15 de ce mois.<\/li>\n<\/ul>\n<h4>La maladie :<\/h4>\n<p>La suspension du contrat de travail pour arr\u00eat maladie n\u2019interrompt pas l\u2019acquisition de l\u2019anciennet\u00e9 si celui-l\u00e0 est inf\u00e9rieur \u00e0 la dur\u00e9e d\u2019indemnisation due par l\u2019employeur (voit tableau page?)<\/p>\n<h4>Les salari\u00e9s \u00e0 temps partiel :<\/h4>\n<p>Pour le calcul de la \u00abproratisassions\u00bb de la prime d\u2019anciennet\u00e9, il doit \u00eatre tenu compte des heures compl\u00e9mentaires effectu\u00e9es.<\/p>\n<h4>Le cong\u00e9 parental :<\/h4>\n<p>Pour l\u2019anciennet\u00e9, le cong\u00e9 est pris en compte pour moiti\u00e9.<\/p>\n<p>LE SMQDARTY<\/p>\n<p>Salaire Minimum de Qualification (fixe plus variable) apr\u00e8s un an d\u2019anciennet\u00e9.<\/p>\n<p>(1525 \u20ac brut pour 2015)<\/p>\n","protected":false},"excerpt":{"rendered":"<p>Calcul de la prime d&#8217;anciennet\u00e9 : 1\/ Retrouver niveau et \u00e9chelon sur votre fiche de paie 2\/ Trouver le salaire minimum correspondant dans le tableau 1 3\/ Trouver le pourcentage &#8230; <a title=\"La prime d&#8217;anciennet\u00e9\" class=\"read-more\" href=\"https:\/\/cftc-dartyidf.fr\/index.php\/la-prime-danciennete\/\" aria-label=\"En savoir plus sur La prime d&#8217;anciennet\u00e9\">Lire plus<\/a><\/p>\n","protected":false},"author":1,"featured_media":0,"parent":0,"menu_order":0,"comment_status":"closed","ping_status":"closed","template":"","meta":{"generate_page_header":"","_price":"","_stock":"","_tribe_ticket_header":"","_tribe_default_ticket_provider":"","_tribe_ticket_capacity":"0","_ticket_start_date":"","_ticket_end_date":"","_tribe_ticket_show_description":"","_tribe_ticket_show_not_going":false,"_tribe_ticket_use_global_stock":"","_tribe_ticket_global_stock_level":"","_global_stock_mode":"","_global_stock_cap":"","_tribe_rsvp_for_event":"","_tribe_ticket_going_count":"","_tribe_ticket_not_going_count":"","_tribe_tickets_list":"[]","_tribe_ticket_has_attendee_info_fields":false,"footnotes":"","_tec_slr_enabled":"","_tec_slr_layout":""},"class_list":["post-997","page","type-page","status-publish"],"yoast_head":"<!-- This site is optimized with the Yoast SEO plugin v27.6 - https:\/\/yoast.com\/product\/yoast-seo-wordpress\/ -->\n<title>La prime d&#039;anciennet\u00e9 - CFTC-Darty IDF<\/title>\n<meta name=\"robots\" content=\"index, follow, max-snippet:-1, max-image-preview:large, max-video-preview:-1\" \/>\n<link rel=\"canonical\" href=\"https:\/\/cftc-dartyidf.fr\/index.php\/la-prime-danciennete\/\" \/>\n<meta property=\"og:locale\" content=\"fr_FR\" \/>\n<meta property=\"og:type\" content=\"article\" \/>\n<meta property=\"og:title\" content=\"La prime d&#039;anciennet\u00e9 - CFTC-Darty IDF\" \/>\n<meta property=\"og:description\" content=\"Calcul de la prime d&#8217;anciennet\u00e9 : 1\/ Retrouver niveau et \u00e9chelon sur votre fiche de paie 2\/ Trouver le salaire minimum correspondant dans le tableau 1 3\/ Trouver le pourcentage ... Lire plus\" \/>\n<meta property=\"og:url\" content=\"https:\/\/cftc-dartyidf.fr\/index.php\/la-prime-danciennete\/\" \/>\n<meta property=\"og:site_name\" content=\"CFTC-Darty IDF\" \/>\n<meta property=\"article:modified_time\" content=\"2017-02-09T09:19:06+00:00\" \/>\n<meta name=\"twitter:card\" content=\"summary_large_image\" \/>\n<meta name=\"twitter:label1\" content=\"Dur\u00e9e de lecture estim\u00e9e\" \/>\n\t<meta name=\"twitter:data1\" content=\"1 minute\" \/>\n<script type=\"application\/ld+json\" class=\"yoast-schema-graph\">{\"@context\":\"https:\\\/\\\/schema.org\",\"@graph\":[{\"@type\":\"WebPage\",\"@id\":\"https:\\\/\\\/cftc-dartyidf.fr\\\/index.php\\\/la-prime-danciennete\\\/\",\"url\":\"https:\\\/\\\/cftc-dartyidf.fr\\\/index.php\\\/la-prime-danciennete\\\/\",\"name\":\"La prime d'anciennet\u00e9 - CFTC-Darty IDF\",\"isPartOf\":{\"@id\":\"https:\\\/\\\/cftc-dartyidf.fr\\\/#website\"},\"datePublished\":\"2017-02-09T09:06:09+00:00\",\"dateModified\":\"2017-02-09T09:19:06+00:00\",\"breadcrumb\":{\"@id\":\"https:\\\/\\\/cftc-dartyidf.fr\\\/index.php\\\/la-prime-danciennete\\\/#breadcrumb\"},\"inLanguage\":\"fr-FR\",\"potentialAction\":[{\"@type\":\"ReadAction\",\"target\":[\"https:\\\/\\\/cftc-dartyidf.fr\\\/index.php\\\/la-prime-danciennete\\\/\"]}]},{\"@type\":\"BreadcrumbList\",\"@id\":\"https:\\\/\\\/cftc-dartyidf.fr\\\/index.php\\\/la-prime-danciennete\\\/#breadcrumb\",\"itemListElement\":[{\"@type\":\"ListItem\",\"position\":1,\"name\":\"Accueil\",\"item\":\"https:\\\/\\\/cftc-dartyidf.fr\\\/\"},{\"@type\":\"ListItem\",\"position\":2,\"name\":\"La prime d&#8217;anciennet\u00e9\"}]},{\"@type\":\"WebSite\",\"@id\":\"https:\\\/\\\/cftc-dartyidf.fr\\\/#website\",\"url\":\"https:\\\/\\\/cftc-dartyidf.fr\\\/\",\"name\":\"CFTC-Darty IDF\",\"description\":\"Le site de la section syndicale CFTC chez Darty IDF\",\"potentialAction\":[{\"@type\":\"SearchAction\",\"target\":{\"@type\":\"EntryPoint\",\"urlTemplate\":\"https:\\\/\\\/cftc-dartyidf.fr\\\/?s={search_term_string}\"},\"query-input\":{\"@type\":\"PropertyValueSpecification\",\"valueRequired\":true,\"valueName\":\"search_term_string\"}}],\"inLanguage\":\"fr-FR\"}]}<\/script>\n<!-- \/ Yoast SEO plugin. -->","yoast_head_json":{"title":"La prime d'anciennet\u00e9 - CFTC-Darty IDF","robots":{"index":"index","follow":"follow","max-snippet":"max-snippet:-1","max-image-preview":"max-image-preview:large","max-video-preview":"max-video-preview:-1"},"canonical":"https:\/\/cftc-dartyidf.fr\/index.php\/la-prime-danciennete\/","og_locale":"fr_FR","og_type":"article","og_title":"La prime d'anciennet\u00e9 - CFTC-Darty IDF","og_description":"Calcul de la prime d&#8217;anciennet\u00e9 : 1\/ Retrouver niveau et \u00e9chelon sur votre fiche de paie 2\/ Trouver le salaire minimum correspondant dans le tableau 1 3\/ Trouver le pourcentage ... Lire plus","og_url":"https:\/\/cftc-dartyidf.fr\/index.php\/la-prime-danciennete\/","og_site_name":"CFTC-Darty IDF","article_modified_time":"2017-02-09T09:19:06+00:00","twitter_card":"summary_large_image","twitter_misc":{"Dur\u00e9e de lecture estim\u00e9e":"1 minute"},"schema":{"@context":"https:\/\/schema.org","@graph":[{"@type":"WebPage","@id":"https:\/\/cftc-dartyidf.fr\/index.php\/la-prime-danciennete\/","url":"https:\/\/cftc-dartyidf.fr\/index.php\/la-prime-danciennete\/","name":"La prime d'anciennet\u00e9 - CFTC-Darty IDF","isPartOf":{"@id":"https:\/\/cftc-dartyidf.fr\/#website"},"datePublished":"2017-02-09T09:06:09+00:00","dateModified":"2017-02-09T09:19:06+00:00","breadcrumb":{"@id":"https:\/\/cftc-dartyidf.fr\/index.php\/la-prime-danciennete\/#breadcrumb"},"inLanguage":"fr-FR","potentialAction":[{"@type":"ReadAction","target":["https:\/\/cftc-dartyidf.fr\/index.php\/la-prime-danciennete\/"]}]},{"@type":"BreadcrumbList","@id":"https:\/\/cftc-dartyidf.fr\/index.php\/la-prime-danciennete\/#breadcrumb","itemListElement":[{"@type":"ListItem","position":1,"name":"Accueil","item":"https:\/\/cftc-dartyidf.fr\/"},{"@type":"ListItem","position":2,"name":"La prime d&#8217;anciennet\u00e9"}]},{"@type":"WebSite","@id":"https:\/\/cftc-dartyidf.fr\/#website","url":"https:\/\/cftc-dartyidf.fr\/","name":"CFTC-Darty IDF","description":"Le site de la section syndicale CFTC chez Darty IDF","potentialAction":[{"@type":"SearchAction","target":{"@type":"EntryPoint","urlTemplate":"https:\/\/cftc-dartyidf.fr\/?s={search_term_string}"},"query-input":{"@type":"PropertyValueSpecification","valueRequired":true,"valueName":"search_term_string"}}],"inLanguage":"fr-FR"}]}},"jetpack_sharing_enabled":true,"jetpack_shortlink":"https:\/\/wp.me\/P8n98f-g5","jetpack-related-posts":[{"id":1004,"url":"https:\/\/cftc-dartyidf.fr\/index.php\/participation-aux-benefices\/","url_meta":{"origin":997,"position":0},"title":"La participation aux b\u00e9n\u00e9fices","author":"webcsfv","date":"09\/02\/2017","format":false,"excerpt":"C\u2019est un syst\u00e8me l\u00e9gal de redistribution aux salari\u00e9s, d\u2019une partie du b\u00e9n\u00e9fice net de l\u2019entreprise. Chez DARTY, le versement s\u2019effectue vers le mois de Juillet. Son montant est calcul\u00e9 \u00e0 partir d\u2019u pourcentage du salaire annuel brut de l\u2019ann\u00e9e de r\u00e9f\u00e9rence (du 1er Mai de l\u2019ann\u00e9e pass\u00e9e au 30 Avril\u2026","rel":"","context":"Article similaire","block_context":{"text":"Article similaire","link":""},"img":{"alt_text":"","src":"","width":0,"height":0},"classes":[]},{"id":977,"url":"https:\/\/cftc-dartyidf.fr\/index.php\/le-conge-maternite\/","url_meta":{"origin":997,"position":1},"title":"Le cong\u00e9 maternit\u00e9","author":"webcsfv","date":"08\/02\/2017","format":false,"excerpt":"La salari\u00e9e enceinte doit remettre \u00e0 son employeur, avec accus\u00e9 de r\u00e9ception, un certificat m\u00e9dical attestant de son \u00e9tat de grossesse indiquant la date pr\u00e9sum\u00e9e de son accouchement ainsi que , s\u2019il y a lieu, l\u2019existence et la dur\u00e9e de son \u00e9tat pathologique (d\u00e9claration de grossesse avant la fin du\u2026","rel":"","context":"Article similaire","block_context":{"text":"Article similaire","link":""},"img":{"alt_text":"","src":"","width":0,"height":0},"classes":[]},{"id":983,"url":"https:\/\/cftc-dartyidf.fr\/index.php\/la-maladie\/","url_meta":{"origin":997,"position":2},"title":"Maladie","author":"webcsfv","date":"08\/02\/2017","format":false,"excerpt":"Le salari\u00e9 absent pour maladie, doit pr\u00e9venir son employeur et motiver son absence. Au-del\u00e0 de 3 jours, cette absence doit en outre \u00eatre justifi\u00e9e par un certificat m\u00e9dical. Si le salari\u00e9 est absent pour maladie pendant au moins 21 jours, il doit pr\u00e9senter un certificat m\u00e9dical de reprise. L\u2019entreprise cesse\u2026","rel":"","context":"Article similaire","block_context":{"text":"Article similaire","link":""},"img":{"alt_text":"","src":"","width":0,"height":0},"classes":[]},{"id":970,"url":"https:\/\/cftc-dartyidf.fr\/index.php\/conges-speciaux-de-courte-duree\/","url_meta":{"origin":997,"position":3},"title":"Les cong\u00e9s sp\u00e9ciaux de courte dur\u00e9e","author":"webcsfv","date":"08\/02\/2017","format":false,"excerpt":"Tout salari\u00e9 b\u00e9n\u00e9ficie, SUR JUSTIFICATIF, d\u2019un cong\u00e9 r\u00e9mun\u00e9r\u00e9 (fixe et variable) lors de la survenance de l\u2019un des \u00e9v\u00e9nements familiaux suivants : \u00c9V\u00c9NEMENT\u00a0FAMILIAL CONVENTION COLLECTIVE ou AVANTAGE DARTY Mariage du salari\u00e9 (e) 5 jours (4 si moins d\u2019un an d\u2019anciennet\u00e9) Mariage d\u2019un enfant 1 jour Naissance d\u2019un enfant ou adoption\u2026","rel":"","context":"Article similaire","block_context":{"text":"Article similaire","link":""},"img":{"alt_text":"","src":"","width":0,"height":0},"classes":[]},{"id":973,"url":"https:\/\/cftc-dartyidf.fr\/index.php\/les-conges-speciaux\/","url_meta":{"origin":997,"position":4},"title":"Les cong\u00e9s sp\u00e9ciaux","author":"webcsfv","date":"08\/02\/2017","format":false,"excerpt":"LE CONGE SABBATIQUE Les salari\u00e9s peuvent obtenir un cong\u00e9 non r\u00e9mun\u00e9r\u00e9 de 6 \u00e0 11 mois pour se consacrer \u00e0 l\u2019activit\u00e9 de leur choix, \u00e0 condition : d\u2019avoir au moins 36 mois d\u2019anciennet\u00e9 dans l\u2019entreprise, cons\u00e9cutifs ou non d\u2019avoir au moins 6 ann\u00e9es d\u2019exp\u00e9rience professionnelle. de ne pas avoir b\u00e9n\u00e9fici\u00e9\u2026","rel":"","context":"Article similaire","block_context":{"text":"Article similaire","link":""},"img":{"alt_text":"","src":"","width":0,"height":0},"classes":[]},{"id":956,"url":"https:\/\/cftc-dartyidf.fr\/index.php\/les-conges\/","url_meta":{"origin":997,"position":5},"title":"La m\u00e9daille du travail","author":"webcsfv","date":"06\/02\/2017","format":false,"excerpt":"LA REGLE LEGALE : Anciennet\u00e9 M\u00e9daille 20 ans r\u00e9volus Argent 30 ans r\u00e9volus Vermeil 35 ans r\u00e9volus Or 40 ans r\u00e9volus Grande Or LA REGLE DARTY : (plus avantageuse que la r\u00e8gle l\u00e9gale) 20 ans, 30 ans et 40 ans d\u2019anciennet\u00e9 ou moins dans le groupe DARTY : Prise en\u2026","rel":"","context":"Article similaire","block_context":{"text":"Article similaire","link":""},"img":{"alt_text":"","src":"","width":0,"height":0},"classes":[]}],"ticketed":false,"_links":{"self":[{"href":"https:\/\/cftc-dartyidf.fr\/index.php\/wp-json\/wp\/v2\/pages\/997","targetHints":{"allow":["GET"]}}],"collection":[{"href":"https:\/\/cftc-dartyidf.fr\/index.php\/wp-json\/wp\/v2\/pages"}],"about":[{"href":"https:\/\/cftc-dartyidf.fr\/index.php\/wp-json\/wp\/v2\/types\/page"}],"author":[{"embeddable":true,"href":"https:\/\/cftc-dartyidf.fr\/index.php\/wp-json\/wp\/v2\/users\/1"}],"replies":[{"embeddable":true,"href":"https:\/\/cftc-dartyidf.fr\/index.php\/wp-json\/wp\/v2\/comments?post=997"}],"version-history":[{"count":1,"href":"https:\/\/cftc-dartyidf.fr\/index.php\/wp-json\/wp\/v2\/pages\/997\/revisions"}],"predecessor-version":[{"id":998,"href":"https:\/\/cftc-dartyidf.fr\/index.php\/wp-json\/wp\/v2\/pages\/997\/revisions\/998"}],"wp:attachment":[{"href":"https:\/\/cftc-dartyidf.fr\/index.php\/wp-json\/wp\/v2\/media?parent=997"}],"curies":[{"name":"wp","href":"https:\/\/api.w.org\/{rel}","templated":true}]}}