{"id":975,"date":"2017-02-08T16:23:20","date_gmt":"2017-02-08T15:23:20","guid":{"rendered":"https:\/\/cftc-dartyidf.fr\/?page_id=975"},"modified":"2017-02-08T16:23:20","modified_gmt":"2017-02-08T15:23:20","slug":"les-jours-feries","status":"publish","type":"page","link":"https:\/\/cftc-dartyidf.fr\/index.php\/les-jours-feries\/","title":{"rendered":"Les jours f\u00e9ri\u00e9s"},"content":{"rendered":"<p>Le 1<sup>er<\/sup> Mai est un jour f\u00e9ri\u00e9 ch\u00f4m\u00e9 et pay\u00e9. Chez DARTY, 2 autres jours sont collectivement f\u00e9ri\u00e9s et ferm\u00e9s : le 1<sup>er<\/sup> Janvier et le 25 D\u00e9cembre.<\/p>\n<p>Le salari\u00e9, quelque soit sa dur\u00e9e de travail apr\u00e8s 3 mois d\u2019anciennet\u00e9, b\u00e9n\u00e9ficie chaque ann\u00e9e de 7 autres jours f\u00e9ri\u00e9s ch\u00f4m\u00e9s et pay\u00e9s (prorat\u00e9s pour le salari\u00e9 \u00e0 temps partiel) moins la journ\u00e9e de Solidarit\u00e9 qui est fix\u00e9e par accord au 11 Novembre ou au 8 Mai (accord de D\u00e9cembre 2009).<\/p>\n<p>Le paiement de ces jours f\u00e9ri\u00e9s ch\u00f4m\u00e9s n\u2019entra\u00eene aucune r\u00e9duction de la r\u00e9mun\u00e9ration conform\u00e9ment \u00e0 la loi sur la mensualisation.<\/p>\n<p>Cependant, le paiement n\u2019a lieu que si l\u2019int\u00e9ress\u00e9 a travaill\u00e9 normalement le dernier jour de travail ayant pr\u00e9c\u00e9d\u00e9 le jour f\u00e9ri\u00e9 et le 1er jour contractuel l\u2019ayant suivi, sauf absence pr\u00e9vue par la convention collective ou autorisation d\u2019absence accord\u00e9e par l\u2019employeur.<\/p>\n<p>Le nombre de jours f\u00e9ri\u00e9s aux choix varie selon les sites et selon les ann\u00e9es. Ces jours sont pay\u00e9s int\u00e9gralement (fixe plus variable) et doivent \u00eatre pris entre le 1er Mai et le 30 Novembre en accord avec la hi\u00e9rarchie.<\/p>\n<p>Lorsqu\u2019un jour f\u00e9ri\u00e9 co\u00efncide avec un jour de repos hebdomadaire, il est attribu\u00e9 un jour suppl\u00e9mentaire pay\u00e9 ( fixe plus variable).<\/p>\n","protected":false},"excerpt":{"rendered":"<p>Le 1er Mai est un jour f\u00e9ri\u00e9 ch\u00f4m\u00e9 et pay\u00e9. Chez DARTY, 2 autres jours sont collectivement f\u00e9ri\u00e9s et ferm\u00e9s : le 1er Janvier et le 25 D\u00e9cembre. Le salari\u00e9, &#8230; <a title=\"Les jours f\u00e9ri\u00e9s\" class=\"read-more\" href=\"https:\/\/cftc-dartyidf.fr\/index.php\/les-jours-feries\/\" aria-label=\"En savoir plus sur Les jours f\u00e9ri\u00e9s\">Lire plus<\/a><\/p>\n","protected":false},"author":1,"featured_media":0,"parent":0,"menu_order":0,"comment_status":"closed","ping_status":"closed","template":"","meta":{"generate_page_header":"","_price":"","_stock":"","_tribe_ticket_header":"","_tribe_default_ticket_provider":"","_tribe_ticket_capacity":"0","_ticket_start_date":"","_ticket_end_date":"","_tribe_ticket_show_description":"","_tribe_ticket_show_not_going":false,"_tribe_ticket_use_global_stock":"","_tribe_ticket_global_stock_level":"","_global_stock_mode":"","_global_stock_cap":"","_tribe_rsvp_for_event":"","_tribe_ticket_going_count":"","_tribe_ticket_not_going_count":"","_tribe_tickets_list":"[]","_tribe_ticket_has_attendee_info_fields":false,"footnotes":"","_tec_slr_enabled":"","_tec_slr_layout":""},"class_list":["post-975","page","type-page","status-publish"],"yoast_head":"<!-- This site is optimized with the Yoast SEO plugin v27.5 - https:\/\/yoast.com\/product\/yoast-seo-wordpress\/ -->\n<title>Les jours f\u00e9ri\u00e9s - CFTC-Darty IDF<\/title>\n<meta name=\"robots\" content=\"index, follow, max-snippet:-1, max-image-preview:large, max-video-preview:-1\" \/>\n<link rel=\"canonical\" href=\"https:\/\/cftc-dartyidf.fr\/index.php\/les-jours-feries\/\" \/>\n<meta property=\"og:locale\" content=\"fr_FR\" \/>\n<meta property=\"og:type\" content=\"article\" \/>\n<meta property=\"og:title\" content=\"Les jours f\u00e9ri\u00e9s - CFTC-Darty IDF\" \/>\n<meta property=\"og:description\" content=\"Le 1er Mai est un jour f\u00e9ri\u00e9 ch\u00f4m\u00e9 et pay\u00e9. Chez DARTY, 2 autres jours sont collectivement f\u00e9ri\u00e9s et ferm\u00e9s : le 1er Janvier et le 25 D\u00e9cembre. Le salari\u00e9, ... Lire plus\" \/>\n<meta property=\"og:url\" content=\"https:\/\/cftc-dartyidf.fr\/index.php\/les-jours-feries\/\" \/>\n<meta property=\"og:site_name\" content=\"CFTC-Darty IDF\" \/>\n<meta name=\"twitter:card\" content=\"summary_large_image\" \/>\n<meta name=\"twitter:label1\" content=\"Dur\u00e9e de lecture estim\u00e9e\" \/>\n\t<meta name=\"twitter:data1\" content=\"1 minute\" \/>\n<script type=\"application\/ld+json\" class=\"yoast-schema-graph\">{\"@context\":\"https:\\\/\\\/schema.org\",\"@graph\":[{\"@type\":\"WebPage\",\"@id\":\"https:\\\/\\\/cftc-dartyidf.fr\\\/index.php\\\/les-jours-feries\\\/\",\"url\":\"https:\\\/\\\/cftc-dartyidf.fr\\\/index.php\\\/les-jours-feries\\\/\",\"name\":\"Les jours f\u00e9ri\u00e9s - CFTC-Darty IDF\",\"isPartOf\":{\"@id\":\"https:\\\/\\\/cftc-dartyidf.fr\\\/#website\"},\"datePublished\":\"2017-02-08T15:23:20+00:00\",\"breadcrumb\":{\"@id\":\"https:\\\/\\\/cftc-dartyidf.fr\\\/index.php\\\/les-jours-feries\\\/#breadcrumb\"},\"inLanguage\":\"fr-FR\",\"potentialAction\":[{\"@type\":\"ReadAction\",\"target\":[\"https:\\\/\\\/cftc-dartyidf.fr\\\/index.php\\\/les-jours-feries\\\/\"]}]},{\"@type\":\"BreadcrumbList\",\"@id\":\"https:\\\/\\\/cftc-dartyidf.fr\\\/index.php\\\/les-jours-feries\\\/#breadcrumb\",\"itemListElement\":[{\"@type\":\"ListItem\",\"position\":1,\"name\":\"Accueil\",\"item\":\"https:\\\/\\\/cftc-dartyidf.fr\\\/\"},{\"@type\":\"ListItem\",\"position\":2,\"name\":\"Les jours f\u00e9ri\u00e9s\"}]},{\"@type\":\"WebSite\",\"@id\":\"https:\\\/\\\/cftc-dartyidf.fr\\\/#website\",\"url\":\"https:\\\/\\\/cftc-dartyidf.fr\\\/\",\"name\":\"CFTC-Darty IDF\",\"description\":\"Le site de la section syndicale CFTC chez Darty IDF\",\"potentialAction\":[{\"@type\":\"SearchAction\",\"target\":{\"@type\":\"EntryPoint\",\"urlTemplate\":\"https:\\\/\\\/cftc-dartyidf.fr\\\/?s={search_term_string}\"},\"query-input\":{\"@type\":\"PropertyValueSpecification\",\"valueRequired\":true,\"valueName\":\"search_term_string\"}}],\"inLanguage\":\"fr-FR\"}]}<\/script>\n<!-- \/ Yoast SEO plugin. -->","yoast_head_json":{"title":"Les jours f\u00e9ri\u00e9s - CFTC-Darty IDF","robots":{"index":"index","follow":"follow","max-snippet":"max-snippet:-1","max-image-preview":"max-image-preview:large","max-video-preview":"max-video-preview:-1"},"canonical":"https:\/\/cftc-dartyidf.fr\/index.php\/les-jours-feries\/","og_locale":"fr_FR","og_type":"article","og_title":"Les jours f\u00e9ri\u00e9s - CFTC-Darty IDF","og_description":"Le 1er Mai est un jour f\u00e9ri\u00e9 ch\u00f4m\u00e9 et pay\u00e9. Chez DARTY, 2 autres jours sont collectivement f\u00e9ri\u00e9s et ferm\u00e9s : le 1er Janvier et le 25 D\u00e9cembre. Le salari\u00e9, ... Lire plus","og_url":"https:\/\/cftc-dartyidf.fr\/index.php\/les-jours-feries\/","og_site_name":"CFTC-Darty IDF","twitter_card":"summary_large_image","twitter_misc":{"Dur\u00e9e de lecture estim\u00e9e":"1 minute"},"schema":{"@context":"https:\/\/schema.org","@graph":[{"@type":"WebPage","@id":"https:\/\/cftc-dartyidf.fr\/index.php\/les-jours-feries\/","url":"https:\/\/cftc-dartyidf.fr\/index.php\/les-jours-feries\/","name":"Les jours f\u00e9ri\u00e9s - CFTC-Darty IDF","isPartOf":{"@id":"https:\/\/cftc-dartyidf.fr\/#website"},"datePublished":"2017-02-08T15:23:20+00:00","breadcrumb":{"@id":"https:\/\/cftc-dartyidf.fr\/index.php\/les-jours-feries\/#breadcrumb"},"inLanguage":"fr-FR","potentialAction":[{"@type":"ReadAction","target":["https:\/\/cftc-dartyidf.fr\/index.php\/les-jours-feries\/"]}]},{"@type":"BreadcrumbList","@id":"https:\/\/cftc-dartyidf.fr\/index.php\/les-jours-feries\/#breadcrumb","itemListElement":[{"@type":"ListItem","position":1,"name":"Accueil","item":"https:\/\/cftc-dartyidf.fr\/"},{"@type":"ListItem","position":2,"name":"Les jours f\u00e9ri\u00e9s"}]},{"@type":"WebSite","@id":"https:\/\/cftc-dartyidf.fr\/#website","url":"https:\/\/cftc-dartyidf.fr\/","name":"CFTC-Darty IDF","description":"Le site de la section syndicale CFTC chez Darty IDF","potentialAction":[{"@type":"SearchAction","target":{"@type":"EntryPoint","urlTemplate":"https:\/\/cftc-dartyidf.fr\/?s={search_term_string}"},"query-input":{"@type":"PropertyValueSpecification","valueRequired":true,"valueName":"search_term_string"}}],"inLanguage":"fr-FR"}]}},"jetpack_sharing_enabled":true,"jetpack_shortlink":"https:\/\/wp.me\/P8n98f-fJ","jetpack-related-posts":[{"id":965,"url":"https:\/\/cftc-dartyidf.fr\/index.php\/les-conges-payes\/","url_meta":{"origin":975,"position":0},"title":"Les cong\u00e9s pay\u00e9s","author":"webcsfv","date":"06\/02\/2017","format":false,"excerpt":"P\u00e9riode de r\u00e9f\u00e9rence : pour le calcul du droit et de la r\u00e9mun\u00e9ration: du 1er Juin de l\u2019ann\u00e9e pr\u00e9c\u00e9dente au 31 Mai de l\u2019ann\u00e9e en cours. Chez DARTY les jours de cong\u00e9s sont calcul\u00e9s en jours ouvr\u00e9s: 5 semaines de CP = 25 jours ouvr\u00e9s c\u2019est \u00e0 dire 20 jours\u2026","rel":"","context":"Article similaire","block_context":{"text":"Article similaire","link":""},"img":{"alt_text":"","src":"","width":0,"height":0},"classes":[]},{"id":995,"url":"https:\/\/cftc-dartyidf.fr\/index.php\/prime-de-fin-dannee-pfa\/","url_meta":{"origin":975,"position":1},"title":"Prime de fin d&#8217;ann\u00e9e (PFA)","author":"webcsfv","date":"09\/02\/2017","format":false,"excerpt":"La PFA est vers\u00e9e sur la paye de D\u00e9cembre et est calcul\u00e9e comme suit : Salaire brut de base de Novembre (le fixe) + la moyenne des primes variables, li\u00e9es \u00e0 la fonction du salari\u00e9, qui ont \u00e9t\u00e9 pay\u00e9es entre le 1er Novembre de l\u2019ann\u00e9e pr\u00e9c\u00e9dente et le 31 Octobre\u2026","rel":"","context":"Article similaire","block_context":{"text":"Article similaire","link":""},"img":{"alt_text":"","src":"","width":0,"height":0},"classes":[]},{"id":983,"url":"https:\/\/cftc-dartyidf.fr\/index.php\/la-maladie\/","url_meta":{"origin":975,"position":2},"title":"Maladie","author":"webcsfv","date":"08\/02\/2017","format":false,"excerpt":"Le salari\u00e9 absent pour maladie, doit pr\u00e9venir son employeur et motiver son absence. Au-del\u00e0 de 3 jours, cette absence doit en outre \u00eatre justifi\u00e9e par un certificat m\u00e9dical. Si le salari\u00e9 est absent pour maladie pendant au moins 21 jours, il doit pr\u00e9senter un certificat m\u00e9dical de reprise. L\u2019entreprise cesse\u2026","rel":"","context":"Article similaire","block_context":{"text":"Article similaire","link":""},"img":{"alt_text":"","src":"","width":0,"height":0},"classes":[]},{"id":1010,"url":"https:\/\/cftc-dartyidf.fr\/index.php\/contrats-de-travail\/","url_meta":{"origin":975,"position":3},"title":"Les contrats de travail","author":"webcsfv","date":"09\/02\/2017","format":false,"excerpt":"\u00a0 Le CDI (Contrat \u00e0 Dur\u00e9e Ind\u00e9termin\u00e9e) La p\u00e9riode d\u2019essai est de: 2 mois pour les EOT (Employ\u00e9 Ouvrier Technicien) 3 mois pour les Agents de Ma\u00eetrise 4 mois pour les cadres Elle peut \u00eatre renouvel\u00e9e une fois. Pendant la p\u00e9riode d\u2019essai les parties peuvent se s\u00e9parer sans pr\u00e9avis, ni\u2026","rel":"","context":"Article similaire","block_context":{"text":"Article similaire","link":""},"img":{"alt_text":"","src":"","width":0,"height":0},"classes":[]},{"id":956,"url":"https:\/\/cftc-dartyidf.fr\/index.php\/les-conges\/","url_meta":{"origin":975,"position":4},"title":"La m\u00e9daille du travail","author":"webcsfv","date":"06\/02\/2017","format":false,"excerpt":"LA REGLE LEGALE : Anciennet\u00e9 M\u00e9daille 20 ans r\u00e9volus Argent 30 ans r\u00e9volus Vermeil 35 ans r\u00e9volus Or 40 ans r\u00e9volus Grande Or LA REGLE DARTY : (plus avantageuse que la r\u00e8gle l\u00e9gale) 20 ans, 30 ans et 40 ans d\u2019anciennet\u00e9 ou moins dans le groupe DARTY : Prise en\u2026","rel":"","context":"Article similaire","block_context":{"text":"Article similaire","link":""},"img":{"alt_text":"","src":"","width":0,"height":0},"classes":[]},{"id":1004,"url":"https:\/\/cftc-dartyidf.fr\/index.php\/participation-aux-benefices\/","url_meta":{"origin":975,"position":5},"title":"La participation aux b\u00e9n\u00e9fices","author":"webcsfv","date":"09\/02\/2017","format":false,"excerpt":"C\u2019est un syst\u00e8me l\u00e9gal de redistribution aux salari\u00e9s, d\u2019une partie du b\u00e9n\u00e9fice net de l\u2019entreprise. Chez DARTY, le versement s\u2019effectue vers le mois de Juillet. Son montant est calcul\u00e9 \u00e0 partir d\u2019u pourcentage du salaire annuel brut de l\u2019ann\u00e9e de r\u00e9f\u00e9rence (du 1er Mai de l\u2019ann\u00e9e pass\u00e9e au 30 Avril\u2026","rel":"","context":"Article similaire","block_context":{"text":"Article similaire","link":""},"img":{"alt_text":"","src":"","width":0,"height":0},"classes":[]}],"ticketed":false,"_links":{"self":[{"href":"https:\/\/cftc-dartyidf.fr\/index.php\/wp-json\/wp\/v2\/pages\/975","targetHints":{"allow":["GET"]}}],"collection":[{"href":"https:\/\/cftc-dartyidf.fr\/index.php\/wp-json\/wp\/v2\/pages"}],"about":[{"href":"https:\/\/cftc-dartyidf.fr\/index.php\/wp-json\/wp\/v2\/types\/page"}],"author":[{"embeddable":true,"href":"https:\/\/cftc-dartyidf.fr\/index.php\/wp-json\/wp\/v2\/users\/1"}],"replies":[{"embeddable":true,"href":"https:\/\/cftc-dartyidf.fr\/index.php\/wp-json\/wp\/v2\/comments?post=975"}],"version-history":[{"count":1,"href":"https:\/\/cftc-dartyidf.fr\/index.php\/wp-json\/wp\/v2\/pages\/975\/revisions"}],"predecessor-version":[{"id":976,"href":"https:\/\/cftc-dartyidf.fr\/index.php\/wp-json\/wp\/v2\/pages\/975\/revisions\/976"}],"wp:attachment":[{"href":"https:\/\/cftc-dartyidf.fr\/index.php\/wp-json\/wp\/v2\/media?parent=975"}],"curies":[{"name":"wp","href":"https:\/\/api.w.org\/{rel}","templated":true}]}}