{"id":1685,"date":"2018-07-10T12:26:37","date_gmt":"2018-07-10T10:26:37","guid":{"rendered":"https:\/\/cftc-dartyidf.fr\/?page_id=1685"},"modified":"2018-07-10T12:32:12","modified_gmt":"2018-07-10T10:32:12","slug":"autre","status":"publish","type":"page","link":"https:\/\/cftc-dartyidf.fr\/index.php\/autre\/","title":{"rendered":"Autre"},"content":{"rendered":"\n<!-- G\u00e9n\u00e9ration r\u00e9alis\u00e9e avec Document Gallery. Obtenez votre version ici :http:\/\/wordpress.org\/extend\/plugins\/document-gallery -->\n<div id=\"document-gallery-1\" class=\"document-gallery\" data-shortcode='{\"id\":1685,\"include\":\"260,249,245,268\",\"exclude\":\"\",\"columns\":3,\"fancy\":true,\"order\":\"ASC\",\"orderby\":\"post__in\",\"relation\":\"AND\",\"limit\":-1,\"mime_types\":\"application,video,text,audio,image\",\"new_window\":true,\"paginate\":true,\"post_status\":\"any\",\"post_type\":\"attachment\",\"attachment_pg\":false,\"descriptions\":false,\"skip\":0}' style='--dg-icon-width: 32%'>\n<div class='document-icon-row'>\n   <div class=\"document-icon\">\n      <a href=\"https:\/\/cftc-dartyidf.fr\/wp-content\/uploads\/2016\/12\/Charte-Securite_2011.pdf\" target=\"_blank\">\n         <img decoding=\"async\" src=\"https:\/\/cftc-dartyidf.fr\/wp-content\/uploads\/2016\/12\/Charte-Securite_2011-thumb.png\" title=\"Charte S\u00e9curit\u00e9 &#8211; 2011\" alt=\"Charte S\u00e9curit\u00e9 &#8211; 2011\" data-ext=\"pdf\"\/>\n         <span class=\"title\">Charte S\u00e9curit\u00e9 &#8211; 2011<\/span>\n      <\/a>\n   <\/div>\n   <div class=\"document-icon\">\n      <a href=\"https:\/\/cftc-dartyidf.fr\/wp-content\/uploads\/2016\/12\/Avenant-1-reglement-interieur_Harcelement-sexuel.pdf\" target=\"_blank\">\n         <img decoding=\"async\" src=\"https:\/\/cftc-dartyidf.fr\/wp-content\/uploads\/2016\/12\/Avenant-1-reglement-interieur_Harcelement-sexuel-thumb.png\" title=\"Avenant 1- R\u00e8glement int\u00e9rieur &#8211; Harc\u00e8lement sexuel &#8211; 2005\" alt=\"Avenant 1- R\u00e8glement int\u00e9rieur &#8211; Harc\u00e8lement sexuel &#8211; 2005\" data-ext=\"pdf\"\/>\n         <span class=\"title\">Avenant 1- R\u00e8glement int\u00e9rieur &#8211; Harc\u00e8lement sexuel &#8211; 2005<\/span>\n      <\/a>\n   <\/div>\n   <div class=\"document-icon\">\n      <a href=\"https:\/\/cftc-dartyidf.fr\/wp-content\/uploads\/2016\/12\/Adjonction-Reglement-Interieur_2005.pdf\" target=\"_blank\">\n         <img decoding=\"async\" src=\"https:\/\/cftc-dartyidf.fr\/wp-content\/uploads\/2016\/12\/Adjonction-Reglement-Interieur_2005-thumb.png\" title=\"Adjonction &#8211; R\u00e8glement int\u00e9rieur &#8211; 2005\" alt=\"Adjonction &#8211; R\u00e8glement int\u00e9rieur &#8211; 2005\" data-ext=\"pdf\"\/>\n         <span class=\"title\">Adjonction &#8211; R\u00e8glement int\u00e9rieur &#8211; 2005<\/span>\n      <\/a>\n   <\/div>\n\n<\/div>\n<div class='document-icon-row'>\n   <div class=\"document-icon\">\n      <a href=\"https:\/\/cftc-dartyidf.fr\/wp-content\/uploads\/2016\/12\/Reglement-Interieur-Droit-Disciplinaire_1983.pdf\" target=\"_blank\">\n         <img decoding=\"async\" src=\"https:\/\/cftc-dartyidf.fr\/wp-content\/uploads\/2016\/12\/Reglement-Interieur-Droit-Disciplinaire_1983-thumb.png\" title=\"R\u00e8glement int\u00e9rieur &#8211; Droit disciplinaire &#8211; 1983\" alt=\"R\u00e8glement int\u00e9rieur &#8211; Droit disciplinaire &#8211; 1983\" data-ext=\"pdf\"\/>\n         <span class=\"title\">R\u00e8glement int\u00e9rieur &#8211; Droit disciplinaire &#8211; 1983<\/span>\n      <\/a>\n   <\/div>\n\n<\/div>\n<\/div>\n","protected":false},"excerpt":{"rendered":"","protected":false},"author":1,"featured_media":0,"parent":0,"menu_order":0,"comment_status":"closed","ping_status":"closed","template":"","meta":{"generate_page_header":"","_price":"","_stock":"","_tribe_ticket_header":"","_tribe_default_ticket_provider":"","_tribe_ticket_capacity":"0","_ticket_start_date":"","_ticket_end_date":"","_tribe_ticket_show_description":"","_tribe_ticket_show_not_going":false,"_tribe_ticket_use_global_stock":"","_tribe_ticket_global_stock_level":"","_global_stock_mode":"","_global_stock_cap":"","_tribe_rsvp_for_event":"","_tribe_ticket_going_count":"","_tribe_ticket_not_going_count":"","_tribe_tickets_list":"[]","_tribe_ticket_has_attendee_info_fields":false,"footnotes":"","_tec_slr_enabled":"","_tec_slr_layout":""},"class_list":["post-1685","page","type-page","status-publish"],"yoast_head":"<!-- This site is optimized with the Yoast SEO plugin v27.6 - https:\/\/yoast.com\/product\/yoast-seo-wordpress\/ -->\n<title>Autre - CFTC-Darty IDF<\/title>\n<meta name=\"robots\" content=\"index, follow, max-snippet:-1, max-image-preview:large, max-video-preview:-1\" \/>\n<link rel=\"canonical\" href=\"https:\/\/cftc-dartyidf.fr\/index.php\/autre\/\" \/>\n<meta property=\"og:locale\" content=\"fr_FR\" \/>\n<meta property=\"og:type\" content=\"article\" \/>\n<meta property=\"og:title\" content=\"Autre - CFTC-Darty IDF\" \/>\n<meta property=\"og:url\" content=\"https:\/\/cftc-dartyidf.fr\/index.php\/autre\/\" \/>\n<meta property=\"og:site_name\" content=\"CFTC-Darty IDF\" \/>\n<meta property=\"article:modified_time\" content=\"2018-07-10T10:32:12+00:00\" \/>\n<meta name=\"twitter:card\" content=\"summary_large_image\" \/>\n<script type=\"application\/ld+json\" class=\"yoast-schema-graph\">{\"@context\":\"https:\\\/\\\/schema.org\",\"@graph\":[{\"@type\":\"WebPage\",\"@id\":\"https:\\\/\\\/cftc-dartyidf.fr\\\/index.php\\\/autre\\\/\",\"url\":\"https:\\\/\\\/cftc-dartyidf.fr\\\/index.php\\\/autre\\\/\",\"name\":\"Autre - CFTC-Darty IDF\",\"isPartOf\":{\"@id\":\"https:\\\/\\\/cftc-dartyidf.fr\\\/#website\"},\"datePublished\":\"2018-07-10T10:26:37+00:00\",\"dateModified\":\"2018-07-10T10:32:12+00:00\",\"breadcrumb\":{\"@id\":\"https:\\\/\\\/cftc-dartyidf.fr\\\/index.php\\\/autre\\\/#breadcrumb\"},\"inLanguage\":\"fr-FR\",\"potentialAction\":[{\"@type\":\"ReadAction\",\"target\":[\"https:\\\/\\\/cftc-dartyidf.fr\\\/index.php\\\/autre\\\/\"]}]},{\"@type\":\"BreadcrumbList\",\"@id\":\"https:\\\/\\\/cftc-dartyidf.fr\\\/index.php\\\/autre\\\/#breadcrumb\",\"itemListElement\":[{\"@type\":\"ListItem\",\"position\":1,\"name\":\"Accueil\",\"item\":\"https:\\\/\\\/cftc-dartyidf.fr\\\/\"},{\"@type\":\"ListItem\",\"position\":2,\"name\":\"Autre\"}]},{\"@type\":\"WebSite\",\"@id\":\"https:\\\/\\\/cftc-dartyidf.fr\\\/#website\",\"url\":\"https:\\\/\\\/cftc-dartyidf.fr\\\/\",\"name\":\"CFTC-Darty IDF\",\"description\":\"Le site de la section syndicale CFTC chez Darty IDF\",\"potentialAction\":[{\"@type\":\"SearchAction\",\"target\":{\"@type\":\"EntryPoint\",\"urlTemplate\":\"https:\\\/\\\/cftc-dartyidf.fr\\\/?s={search_term_string}\"},\"query-input\":{\"@type\":\"PropertyValueSpecification\",\"valueRequired\":true,\"valueName\":\"search_term_string\"}}],\"inLanguage\":\"fr-FR\"}]}<\/script>\n<!-- \/ Yoast SEO plugin. -->","yoast_head_json":{"title":"Autre - CFTC-Darty IDF","robots":{"index":"index","follow":"follow","max-snippet":"max-snippet:-1","max-image-preview":"max-image-preview:large","max-video-preview":"max-video-preview:-1"},"canonical":"https:\/\/cftc-dartyidf.fr\/index.php\/autre\/","og_locale":"fr_FR","og_type":"article","og_title":"Autre - CFTC-Darty IDF","og_url":"https:\/\/cftc-dartyidf.fr\/index.php\/autre\/","og_site_name":"CFTC-Darty IDF","article_modified_time":"2018-07-10T10:32:12+00:00","twitter_card":"summary_large_image","schema":{"@context":"https:\/\/schema.org","@graph":[{"@type":"WebPage","@id":"https:\/\/cftc-dartyidf.fr\/index.php\/autre\/","url":"https:\/\/cftc-dartyidf.fr\/index.php\/autre\/","name":"Autre - CFTC-Darty IDF","isPartOf":{"@id":"https:\/\/cftc-dartyidf.fr\/#website"},"datePublished":"2018-07-10T10:26:37+00:00","dateModified":"2018-07-10T10:32:12+00:00","breadcrumb":{"@id":"https:\/\/cftc-dartyidf.fr\/index.php\/autre\/#breadcrumb"},"inLanguage":"fr-FR","potentialAction":[{"@type":"ReadAction","target":["https:\/\/cftc-dartyidf.fr\/index.php\/autre\/"]}]},{"@type":"BreadcrumbList","@id":"https:\/\/cftc-dartyidf.fr\/index.php\/autre\/#breadcrumb","itemListElement":[{"@type":"ListItem","position":1,"name":"Accueil","item":"https:\/\/cftc-dartyidf.fr\/"},{"@type":"ListItem","position":2,"name":"Autre"}]},{"@type":"WebSite","@id":"https:\/\/cftc-dartyidf.fr\/#website","url":"https:\/\/cftc-dartyidf.fr\/","name":"CFTC-Darty IDF","description":"Le site de la section syndicale CFTC chez Darty IDF","potentialAction":[{"@type":"SearchAction","target":{"@type":"EntryPoint","urlTemplate":"https:\/\/cftc-dartyidf.fr\/?s={search_term_string}"},"query-input":{"@type":"PropertyValueSpecification","valueRequired":true,"valueName":"search_term_string"}}],"inLanguage":"fr-FR"}]}},"jetpack_sharing_enabled":true,"jetpack_shortlink":"https:\/\/wp.me\/P8n98f-rb","jetpack-related-posts":[{"id":993,"url":"https:\/\/cftc-dartyidf.fr\/index.php\/lordre-de-depart-conges\/","url_meta":{"origin":1685,"position":0},"title":"L\u2019ordre de d\u00e9part en cong\u00e9s","author":"webcsfv","date":"09\/02\/2017","format":false,"excerpt":"La r\u00e8gle applicable chez DARTY C\u2019est la direction qui fixe l\u2019ordre de d\u00e9part des cong\u00e9s pay\u00e9s en fonction des demandes, des n\u00e9cessit\u00e9s de service et apr\u00e8s consultation des d\u00e9l\u00e9gu\u00e9s du personnel. S\u2019il est n\u00e9cessaire de faire un arbitrage entre des demandes incompatibles, les r\u00e8gles suivantes s\u2019appliquent : 1\/ Les conjoints\u2026","rel":"","context":"Article similaire","block_context":{"text":"Article similaire","link":""},"img":{"alt_text":"","src":"","width":0,"height":0},"classes":[]},{"id":977,"url":"https:\/\/cftc-dartyidf.fr\/index.php\/le-conge-maternite\/","url_meta":{"origin":1685,"position":1},"title":"Le cong\u00e9 maternit\u00e9","author":"webcsfv","date":"08\/02\/2017","format":false,"excerpt":"La salari\u00e9e enceinte doit remettre \u00e0 son employeur, avec accus\u00e9 de r\u00e9ception, un certificat m\u00e9dical attestant de son \u00e9tat de grossesse indiquant la date pr\u00e9sum\u00e9e de son accouchement ainsi que , s\u2019il y a lieu, l\u2019existence et la dur\u00e9e de son \u00e9tat pathologique (d\u00e9claration de grossesse avant la fin du\u2026","rel":"","context":"Article similaire","block_context":{"text":"Article similaire","link":""},"img":{"alt_text":"","src":"","width":0,"height":0},"classes":[]},{"id":1728,"url":"https:\/\/cftc-dartyidf.fr\/index.php\/mentions-legales\/","url_meta":{"origin":1685,"position":2},"title":"Mentions l\u00e9gales","author":"webcsfv","date":"28\/11\/2018","format":false,"excerpt":"\u00c9diteur du site, conception et r\u00e9alisation CFTC-CSFV 34 quai de la Loire \u2013 75019 \u2013 Paris Tel : 01.46.07.91.39 Mail : contact@csfv.fr Responsable de la r\u00e9daction : Service communication \u00a0 H\u00e9bergement L\u2019h\u00e9bergement du site est r\u00e9alis\u00e9 par la F\u00e9d\u00e9ration CFTC-CSFV dans ses locaux. \u00a0 Propri\u00e9t\u00e9 L\u2019ensemble de ce site est\u2026","rel":"","context":"Article similaire","block_context":{"text":"Article similaire","link":""},"img":{"alt_text":"","src":"","width":0,"height":0},"classes":[]}],"ticketed":false,"_links":{"self":[{"href":"https:\/\/cftc-dartyidf.fr\/index.php\/wp-json\/wp\/v2\/pages\/1685","targetHints":{"allow":["GET"]}}],"collection":[{"href":"https:\/\/cftc-dartyidf.fr\/index.php\/wp-json\/wp\/v2\/pages"}],"about":[{"href":"https:\/\/cftc-dartyidf.fr\/index.php\/wp-json\/wp\/v2\/types\/page"}],"author":[{"embeddable":true,"href":"https:\/\/cftc-dartyidf.fr\/index.php\/wp-json\/wp\/v2\/users\/1"}],"replies":[{"embeddable":true,"href":"https:\/\/cftc-dartyidf.fr\/index.php\/wp-json\/wp\/v2\/comments?post=1685"}],"version-history":[{"count":4,"href":"https:\/\/cftc-dartyidf.fr\/index.php\/wp-json\/wp\/v2\/pages\/1685\/revisions"}],"predecessor-version":[{"id":1690,"href":"https:\/\/cftc-dartyidf.fr\/index.php\/wp-json\/wp\/v2\/pages\/1685\/revisions\/1690"}],"wp:attachment":[{"href":"https:\/\/cftc-dartyidf.fr\/index.php\/wp-json\/wp\/v2\/media?parent=1685"}],"curies":[{"name":"wp","href":"https:\/\/api.w.org\/{rel}","templated":true}]}}