{"id":1016,"date":"2017-02-09T10:48:33","date_gmt":"2017-02-09T09:48:33","guid":{"rendered":"https:\/\/cftc-dartyidf.fr\/?page_id=1016"},"modified":"2017-02-09T10:48:33","modified_gmt":"2017-02-09T09:48:33","slug":"chsct-comites-dhygiene-de-securite-conditions-de-travail","status":"publish","type":"page","link":"https:\/\/cftc-dartyidf.fr\/index.php\/chsct-comites-dhygiene-de-securite-conditions-de-travail\/","title":{"rendered":"Les CHSCT (Comit\u00e9s d&#8217;Hygi\u00e8ne de S\u00e9curit\u00e9 et Conditions de Travail)"},"content":{"rendered":"<p>Compos\u00e9s de membres d\u00e9sign\u00e9s par les d\u00e9l\u00e9gu\u00e9s du personnel et les membres du CE apr\u00e8s chaque \u00e9lection. Ils se r\u00e9unissent 4 fois par an pour faire un bilan des accidents et des conditions de travail.<\/p>\n<p>Chaque \u00e9lu peut faire un rapport concernant un probl\u00e8me de s\u00e9curit\u00e9 ou de mauvaises conditions de travail qu\u2019il transmettra au secr\u00e9taire du C.H.S.C.T afin de trouver une solution avec la direction de l\u2019entreprise.<\/p>\n","protected":false},"excerpt":{"rendered":"<p>Compos\u00e9s de membres d\u00e9sign\u00e9s par les d\u00e9l\u00e9gu\u00e9s du personnel et les membres du CE apr\u00e8s chaque \u00e9lection. Ils se r\u00e9unissent 4 fois par an pour faire un bilan des accidents &#8230; <a title=\"Les CHSCT (Comit\u00e9s d&#8217;Hygi\u00e8ne de S\u00e9curit\u00e9 et Conditions de Travail)\" class=\"read-more\" href=\"https:\/\/cftc-dartyidf.fr\/index.php\/chsct-comites-dhygiene-de-securite-conditions-de-travail\/\" aria-label=\"En savoir plus sur Les CHSCT (Comit\u00e9s d&#8217;Hygi\u00e8ne de S\u00e9curit\u00e9 et Conditions de Travail)\">Lire plus<\/a><\/p>\n","protected":false},"author":1,"featured_media":0,"parent":0,"menu_order":0,"comment_status":"closed","ping_status":"closed","template":"","meta":{"generate_page_header":"","_price":"","_stock":"","_tribe_ticket_header":"","_tribe_default_ticket_provider":"","_tribe_ticket_capacity":"0","_ticket_start_date":"","_ticket_end_date":"","_tribe_ticket_show_description":"","_tribe_ticket_show_not_going":false,"_tribe_ticket_use_global_stock":"","_tribe_ticket_global_stock_level":"","_global_stock_mode":"","_global_stock_cap":"","_tribe_rsvp_for_event":"","_tribe_ticket_going_count":"","_tribe_ticket_not_going_count":"","_tribe_tickets_list":"[]","_tribe_ticket_has_attendee_info_fields":false,"jetpack_post_was_ever_published":false,"footnotes":"","_tec_slr_enabled":"","_tec_slr_layout":""},"class_list":["post-1016","page","type-page","status-publish"],"yoast_head":"<!-- This site is optimized with the Yoast SEO plugin v27.4 - https:\/\/yoast.com\/product\/yoast-seo-wordpress\/ -->\n<title>Les CHSCT (Comit\u00e9s d&#039;Hygi\u00e8ne de S\u00e9curit\u00e9 et Conditions de Travail) - CFTC-Darty IDF<\/title>\n<meta name=\"robots\" content=\"index, follow, max-snippet:-1, max-image-preview:large, max-video-preview:-1\" \/>\n<link rel=\"canonical\" href=\"https:\/\/cftc-dartyidf.fr\/index.php\/chsct-comites-dhygiene-de-securite-conditions-de-travail\/\" \/>\n<meta property=\"og:locale\" content=\"fr_FR\" \/>\n<meta property=\"og:type\" content=\"article\" \/>\n<meta property=\"og:title\" content=\"Les CHSCT (Comit\u00e9s d&#039;Hygi\u00e8ne de S\u00e9curit\u00e9 et Conditions de Travail) - CFTC-Darty IDF\" \/>\n<meta property=\"og:description\" content=\"Compos\u00e9s de membres d\u00e9sign\u00e9s par les d\u00e9l\u00e9gu\u00e9s du personnel et les membres du CE apr\u00e8s chaque \u00e9lection. Ils se r\u00e9unissent 4 fois par an pour faire un bilan des accidents ... Lire plus\" \/>\n<meta property=\"og:url\" content=\"https:\/\/cftc-dartyidf.fr\/index.php\/chsct-comites-dhygiene-de-securite-conditions-de-travail\/\" \/>\n<meta property=\"og:site_name\" content=\"CFTC-Darty IDF\" \/>\n<meta name=\"twitter:card\" content=\"summary_large_image\" \/>\n<script type=\"application\/ld+json\" class=\"yoast-schema-graph\">{\"@context\":\"https:\\\/\\\/schema.org\",\"@graph\":[{\"@type\":\"WebPage\",\"@id\":\"https:\\\/\\\/cftc-dartyidf.fr\\\/index.php\\\/chsct-comites-dhygiene-de-securite-conditions-de-travail\\\/\",\"url\":\"https:\\\/\\\/cftc-dartyidf.fr\\\/index.php\\\/chsct-comites-dhygiene-de-securite-conditions-de-travail\\\/\",\"name\":\"Les CHSCT (Comit\u00e9s d'Hygi\u00e8ne de S\u00e9curit\u00e9 et Conditions de Travail) - CFTC-Darty IDF\",\"isPartOf\":{\"@id\":\"https:\\\/\\\/cftc-dartyidf.fr\\\/#website\"},\"datePublished\":\"2017-02-09T09:48:33+00:00\",\"breadcrumb\":{\"@id\":\"https:\\\/\\\/cftc-dartyidf.fr\\\/index.php\\\/chsct-comites-dhygiene-de-securite-conditions-de-travail\\\/#breadcrumb\"},\"inLanguage\":\"fr-FR\",\"potentialAction\":[{\"@type\":\"ReadAction\",\"target\":[\"https:\\\/\\\/cftc-dartyidf.fr\\\/index.php\\\/chsct-comites-dhygiene-de-securite-conditions-de-travail\\\/\"]}]},{\"@type\":\"BreadcrumbList\",\"@id\":\"https:\\\/\\\/cftc-dartyidf.fr\\\/index.php\\\/chsct-comites-dhygiene-de-securite-conditions-de-travail\\\/#breadcrumb\",\"itemListElement\":[{\"@type\":\"ListItem\",\"position\":1,\"name\":\"Accueil\",\"item\":\"https:\\\/\\\/cftc-dartyidf.fr\\\/\"},{\"@type\":\"ListItem\",\"position\":2,\"name\":\"Les CHSCT (Comit\u00e9s d&#8217;Hygi\u00e8ne de S\u00e9curit\u00e9 et Conditions de Travail)\"}]},{\"@type\":\"WebSite\",\"@id\":\"https:\\\/\\\/cftc-dartyidf.fr\\\/#website\",\"url\":\"https:\\\/\\\/cftc-dartyidf.fr\\\/\",\"name\":\"CFTC-Darty IDF\",\"description\":\"Le site de la section syndicale CFTC chez Darty IDF\",\"potentialAction\":[{\"@type\":\"SearchAction\",\"target\":{\"@type\":\"EntryPoint\",\"urlTemplate\":\"https:\\\/\\\/cftc-dartyidf.fr\\\/?s={search_term_string}\"},\"query-input\":{\"@type\":\"PropertyValueSpecification\",\"valueRequired\":true,\"valueName\":\"search_term_string\"}}],\"inLanguage\":\"fr-FR\"}]}<\/script>\n<!-- \/ Yoast SEO plugin. -->","yoast_head_json":{"title":"Les CHSCT (Comit\u00e9s d'Hygi\u00e8ne de S\u00e9curit\u00e9 et Conditions de Travail) - CFTC-Darty IDF","robots":{"index":"index","follow":"follow","max-snippet":"max-snippet:-1","max-image-preview":"max-image-preview:large","max-video-preview":"max-video-preview:-1"},"canonical":"https:\/\/cftc-dartyidf.fr\/index.php\/chsct-comites-dhygiene-de-securite-conditions-de-travail\/","og_locale":"fr_FR","og_type":"article","og_title":"Les CHSCT (Comit\u00e9s d'Hygi\u00e8ne de S\u00e9curit\u00e9 et Conditions de Travail) - CFTC-Darty IDF","og_description":"Compos\u00e9s de membres d\u00e9sign\u00e9s par les d\u00e9l\u00e9gu\u00e9s du personnel et les membres du CE apr\u00e8s chaque \u00e9lection. Ils se r\u00e9unissent 4 fois par an pour faire un bilan des accidents ... Lire plus","og_url":"https:\/\/cftc-dartyidf.fr\/index.php\/chsct-comites-dhygiene-de-securite-conditions-de-travail\/","og_site_name":"CFTC-Darty IDF","twitter_card":"summary_large_image","schema":{"@context":"https:\/\/schema.org","@graph":[{"@type":"WebPage","@id":"https:\/\/cftc-dartyidf.fr\/index.php\/chsct-comites-dhygiene-de-securite-conditions-de-travail\/","url":"https:\/\/cftc-dartyidf.fr\/index.php\/chsct-comites-dhygiene-de-securite-conditions-de-travail\/","name":"Les CHSCT (Comit\u00e9s d'Hygi\u00e8ne de S\u00e9curit\u00e9 et Conditions de Travail) - CFTC-Darty IDF","isPartOf":{"@id":"https:\/\/cftc-dartyidf.fr\/#website"},"datePublished":"2017-02-09T09:48:33+00:00","breadcrumb":{"@id":"https:\/\/cftc-dartyidf.fr\/index.php\/chsct-comites-dhygiene-de-securite-conditions-de-travail\/#breadcrumb"},"inLanguage":"fr-FR","potentialAction":[{"@type":"ReadAction","target":["https:\/\/cftc-dartyidf.fr\/index.php\/chsct-comites-dhygiene-de-securite-conditions-de-travail\/"]}]},{"@type":"BreadcrumbList","@id":"https:\/\/cftc-dartyidf.fr\/index.php\/chsct-comites-dhygiene-de-securite-conditions-de-travail\/#breadcrumb","itemListElement":[{"@type":"ListItem","position":1,"name":"Accueil","item":"https:\/\/cftc-dartyidf.fr\/"},{"@type":"ListItem","position":2,"name":"Les CHSCT (Comit\u00e9s d&#8217;Hygi\u00e8ne de S\u00e9curit\u00e9 et Conditions de Travail)"}]},{"@type":"WebSite","@id":"https:\/\/cftc-dartyidf.fr\/#website","url":"https:\/\/cftc-dartyidf.fr\/","name":"CFTC-Darty IDF","description":"Le site de la section syndicale CFTC chez Darty IDF","potentialAction":[{"@type":"SearchAction","target":{"@type":"EntryPoint","urlTemplate":"https:\/\/cftc-dartyidf.fr\/?s={search_term_string}"},"query-input":{"@type":"PropertyValueSpecification","valueRequired":true,"valueName":"search_term_string"}}],"inLanguage":"fr-FR"}]}},"jetpack_sharing_enabled":true,"jetpack_shortlink":"https:\/\/wp.me\/P8n98f-go","jetpack-related-posts":[{"id":983,"url":"https:\/\/cftc-dartyidf.fr\/index.php\/la-maladie\/","url_meta":{"origin":1016,"position":0},"title":"Maladie","author":"webcsfv","date":"08\/02\/2017","format":false,"excerpt":"Le salari\u00e9 absent pour maladie, doit pr\u00e9venir son employeur et motiver son absence. Au-del\u00e0 de 3 jours, cette absence doit en outre \u00eatre justifi\u00e9e par un certificat m\u00e9dical. Si le salari\u00e9 est absent pour maladie pendant au moins 21 jours, il doit pr\u00e9senter un certificat m\u00e9dical de reprise. L\u2019entreprise cesse\u2026","rel":"","context":"Article similaire","block_context":{"text":"Article similaire","link":""},"img":{"alt_text":"","src":"","width":0,"height":0},"classes":[]},{"id":1010,"url":"https:\/\/cftc-dartyidf.fr\/index.php\/contrats-de-travail\/","url_meta":{"origin":1016,"position":1},"title":"Les contrats de travail","author":"webcsfv","date":"09\/02\/2017","format":false,"excerpt":"\u00a0 Le CDI (Contrat \u00e0 Dur\u00e9e Ind\u00e9termin\u00e9e) La p\u00e9riode d\u2019essai est de: 2 mois pour les EOT (Employ\u00e9 Ouvrier Technicien) 3 mois pour les Agents de Ma\u00eetrise 4 mois pour les cadres Elle peut \u00eatre renouvel\u00e9e une fois. Pendant la p\u00e9riode d\u2019essai les parties peuvent se s\u00e9parer sans pr\u00e9avis, ni\u2026","rel":"","context":"Article similaire","block_context":{"text":"Article similaire","link":""},"img":{"alt_text":"","src":"","width":0,"height":0},"classes":[]},{"id":1014,"url":"https:\/\/cftc-dartyidf.fr\/index.php\/le-ce-comite-dentreprise\/","url_meta":{"origin":1016,"position":2},"title":"Le CSE (Comit\u00e9 Social et \u00c9conomique)","author":"webcsfv","date":"09\/02\/2017","format":false,"excerpt":"Le Pr\u00e9sident du Comit\u00e9 d\u2019Entreprise est le Directeur G\u00e9n\u00e9ral de DARTY Paris-Ile-de-France. Il pr\u00e9side les r\u00e9unions mensuelles. La gestion des activit\u00e9s sociales et culturelles est du ressort des \u00e9lus. La composition du bureau du comit\u00e9 www.cse-dartyidf.com Les membres du bureau sont d\u00e9sign\u00e9s parmi les \u00e9lus au CE apr\u00e8s chaque \u00e9lection.\u2026","rel":"","context":"Article similaire","block_context":{"text":"Article similaire","link":""},"img":{"alt_text":"","src":"","width":0,"height":0},"classes":[]},{"id":973,"url":"https:\/\/cftc-dartyidf.fr\/index.php\/les-conges-speciaux\/","url_meta":{"origin":1016,"position":3},"title":"Les cong\u00e9s sp\u00e9ciaux","author":"webcsfv","date":"08\/02\/2017","format":false,"excerpt":"LE CONGE SABBATIQUE Les salari\u00e9s peuvent obtenir un cong\u00e9 non r\u00e9mun\u00e9r\u00e9 de 6 \u00e0 11 mois pour se consacrer \u00e0 l\u2019activit\u00e9 de leur choix, \u00e0 condition : d\u2019avoir au moins 36 mois d\u2019anciennet\u00e9 dans l\u2019entreprise, cons\u00e9cutifs ou non d\u2019avoir au moins 6 ann\u00e9es d\u2019exp\u00e9rience professionnelle. de ne pas avoir b\u00e9n\u00e9fici\u00e9\u2026","rel":"","context":"Article similaire","block_context":{"text":"Article similaire","link":""},"img":{"alt_text":"","src":"","width":0,"height":0},"classes":[]},{"id":956,"url":"https:\/\/cftc-dartyidf.fr\/index.php\/les-conges\/","url_meta":{"origin":1016,"position":4},"title":"La m\u00e9daille du travail","author":"webcsfv","date":"06\/02\/2017","format":false,"excerpt":"LA REGLE LEGALE : Anciennet\u00e9 M\u00e9daille 20 ans r\u00e9volus Argent 30 ans r\u00e9volus Vermeil 35 ans r\u00e9volus Or 40 ans r\u00e9volus Grande Or LA REGLE DARTY : (plus avantageuse que la r\u00e8gle l\u00e9gale) 20 ans, 30 ans et 40 ans d\u2019anciennet\u00e9 ou moins dans le groupe DARTY : Prise en\u2026","rel":"","context":"Article similaire","block_context":{"text":"Article similaire","link":""},"img":{"alt_text":"","src":"","width":0,"height":0},"classes":[]},{"id":1004,"url":"https:\/\/cftc-dartyidf.fr\/index.php\/participation-aux-benefices\/","url_meta":{"origin":1016,"position":5},"title":"La participation aux b\u00e9n\u00e9fices","author":"webcsfv","date":"09\/02\/2017","format":false,"excerpt":"C\u2019est un syst\u00e8me l\u00e9gal de redistribution aux salari\u00e9s, d\u2019une partie du b\u00e9n\u00e9fice net de l\u2019entreprise. Chez DARTY, le versement s\u2019effectue vers le mois de Juillet. Son montant est calcul\u00e9 \u00e0 partir d\u2019u pourcentage du salaire annuel brut de l\u2019ann\u00e9e de r\u00e9f\u00e9rence (du 1er Mai de l\u2019ann\u00e9e pass\u00e9e au 30 Avril\u2026","rel":"","context":"Article similaire","block_context":{"text":"Article similaire","link":""},"img":{"alt_text":"","src":"","width":0,"height":0},"classes":[]}],"ticketed":false,"_links":{"self":[{"href":"https:\/\/cftc-dartyidf.fr\/index.php\/wp-json\/wp\/v2\/pages\/1016","targetHints":{"allow":["GET"]}}],"collection":[{"href":"https:\/\/cftc-dartyidf.fr\/index.php\/wp-json\/wp\/v2\/pages"}],"about":[{"href":"https:\/\/cftc-dartyidf.fr\/index.php\/wp-json\/wp\/v2\/types\/page"}],"author":[{"embeddable":true,"href":"https:\/\/cftc-dartyidf.fr\/index.php\/wp-json\/wp\/v2\/users\/1"}],"replies":[{"embeddable":true,"href":"https:\/\/cftc-dartyidf.fr\/index.php\/wp-json\/wp\/v2\/comments?post=1016"}],"version-history":[{"count":1,"href":"https:\/\/cftc-dartyidf.fr\/index.php\/wp-json\/wp\/v2\/pages\/1016\/revisions"}],"predecessor-version":[{"id":1017,"href":"https:\/\/cftc-dartyidf.fr\/index.php\/wp-json\/wp\/v2\/pages\/1016\/revisions\/1017"}],"wp:attachment":[{"href":"https:\/\/cftc-dartyidf.fr\/index.php\/wp-json\/wp\/v2\/media?parent=1016"}],"curies":[{"name":"wp","href":"https:\/\/api.w.org\/{rel}","templated":true}]}}