{"id":1012,"date":"2017-02-09T10:42:42","date_gmt":"2017-02-09T09:42:42","guid":{"rendered":"https:\/\/cftc-dartyidf.fr\/?page_id=1012"},"modified":"2017-02-09T10:42:42","modified_gmt":"2017-02-09T09:42:42","slug":"les-contrats-dalternance","status":"publish","type":"page","link":"https:\/\/cftc-dartyidf.fr\/index.php\/les-contrats-dalternance\/","title":{"rendered":"Les contrats d&#8217;alternance"},"content":{"rendered":"<p>Ces contrats sont les contrats de professionnalisation ou d\u2019apprentissage. Ils associent les \u00e9coles pour la th\u00e9orie et les entreprises pour la pratique. Ils s\u2019adressent aux jeunes de 18 \u00e0 26 ans.<\/p>\n<table>\n<tbody>\n<tr>\n<td style=\"text-align: center;\" width=\"132\">&nbsp;<\/td>\n<td style=\"text-align: center;\" width=\"171\"><strong>APPRENTISSAGE<\/strong><\/td>\n<td style=\"text-align: center;\" width=\"226\"><strong>PROFESSIONNALISATION<\/strong><\/td>\n<\/tr>\n<tr>\n<td style=\"text-align: center;\" width=\"132\"><strong>BENEFICIAIRE<\/strong><\/td>\n<td style=\"text-align: center;\" width=\"171\">Jeune de (16) 18 \u00e0 25 ans<\/td>\n<td style=\"text-align: center;\" width=\"226\">Jeune de (16) 18 \u00e0 25 ans et demandeur d\u2019emplois de plus de 26 ans<\/td>\n<\/tr>\n<tr>\n<td style=\"text-align: center;\" width=\"132\"><strong>FORME<\/strong><\/td>\n<td style=\"text-align: center;\" width=\"171\">CDD de 1 \u00e0 3 ans<\/td>\n<td style=\"text-align: center;\" width=\"226\">CDD de 6 \u00e0 24 mois \/ prise en charge AGEFOS \u00e0 6\u20ac\/heure<\/td>\n<\/tr>\n<tr>\n<td style=\"text-align: center;\" width=\"132\"><strong>STATUT<\/strong><\/td>\n<td style=\"text-align: center;\" width=\"171\">Salari\u00e9<\/td>\n<td style=\"text-align: center;\" width=\"226\">Salari\u00e9<\/td>\n<\/tr>\n<tr>\n<td style=\"text-align: center;\" rowspan=\"2\" width=\"132\"><strong>REMUNERATION<\/strong><\/p>\n<p>&nbsp;<\/td>\n<td style=\"text-align: center;\" width=\"171\">18-20 ans :<\/p>\n<p>41% du SMIC 1\u00e8re ann\u00e9e, 49% la 2\u00e8me, 65% la 3 \u00e8me<\/td>\n<td style=\"text-align: center;\" width=\"226\">Niveau d\u2019\u00e9tude inf\u00e9rieur au bac : 65% du SMIC si moins de 21 ans \u00e0 26 ans \/ plus de 26 ans = 100% du SMIC<\/td>\n<\/tr>\n<tr>\n<td style=\"text-align: center;\" width=\"171\">21 ans et plus : 53% du SMIC la 1\u00e8re ann\u00e9e, 61% la 2\u00e8me et 78% la 3\u00e8me 18 &#8211; 26 ans DUCRETET 65%<\/td>\n<td style=\"text-align: center;\" width=\"226\">Niveau d\u2019\u00e9tude sup\u00e9rieur ou \u00e9gal au bac PRO :<\/p>\n<p>75% du SMIC si moins de 21ans et 80% de 21 \u00e0 26 ans \/ plus de 26 ans = 100% du SMIC<\/td>\n<\/tr>\n<\/tbody>\n<\/table>\n<h3>LA PERIODE D\u2019ESSAI:<\/h3>\n<p>Identique \u00e0 celle d\u2019un CDD.<\/p>\n<h3>LE STATUT :<\/h3>\n<p>Il est salari\u00e9 de l\u2019entreprise et b\u00e9n\u00e9ficie des m\u00eames dispositions applicables aux autres salari\u00e9s<\/p>\n<p>(Ticket restaurant, transport, CP, RH\u00a0 ). L\u2019anciennet\u00e9 acquise au cours du contrat d\u2019alternance est<\/p>\n<p>prise en compte en cas de maintien dans l\u2019entreprise \u00e0 l\u2019issue de ce contrat.<\/p>\n<h3>LE TUTEUR :<\/h3>\n<p>Il est choisi par l\u2019employeur parmi les salari\u00e9s de l\u2019entreprise.<\/p>\n<p>Il est charg\u00e9 d\u2019accueillir, d\u2019informer, d\u2019aider, de guider le jeune et de veiller \u00e0 son emplois du temps.<\/p>\n<p>Il assure le suivi du d\u00e9roulement du contrat et participe \u00e0 son \u00e9valuation.<\/p>\n<h3>LA RUPTURE DU CONTRAT :<\/h3>\n<p>Le contrat d\u2019alternance ne peut, sauf accord des parties, \u00eatre rompu avant l\u2019\u00e9ch\u00e9ance du terme, sauf cas de force majeure ou de faute grave.<\/p>\n","protected":false},"excerpt":{"rendered":"<p>Ces contrats sont les contrats de professionnalisation ou d\u2019apprentissage. Ils associent les \u00e9coles pour la th\u00e9orie et les entreprises pour la pratique. Ils s\u2019adressent aux jeunes de 18 \u00e0 26 &#8230; <a title=\"Les contrats d&#8217;alternance\" class=\"read-more\" href=\"https:\/\/cftc-dartyidf.fr\/index.php\/les-contrats-dalternance\/\" aria-label=\"En savoir plus sur Les contrats d&#8217;alternance\">Lire plus<\/a><\/p>\n","protected":false},"author":1,"featured_media":0,"parent":0,"menu_order":0,"comment_status":"closed","ping_status":"closed","template":"","meta":{"generate_page_header":"","_price":"","_stock":"","_tribe_ticket_header":"","_tribe_default_ticket_provider":"","_tribe_ticket_capacity":"0","_ticket_start_date":"","_ticket_end_date":"","_tribe_ticket_show_description":"","_tribe_ticket_show_not_going":false,"_tribe_ticket_use_global_stock":"","_tribe_ticket_global_stock_level":"","_global_stock_mode":"","_global_stock_cap":"","_tribe_rsvp_for_event":"","_tribe_ticket_going_count":"","_tribe_ticket_not_going_count":"","_tribe_tickets_list":"[]","_tribe_ticket_has_attendee_info_fields":false,"jetpack_post_was_ever_published":false,"footnotes":"","_tec_slr_enabled":"","_tec_slr_layout":""},"class_list":["post-1012","page","type-page","status-publish"],"yoast_head":"<!-- This site is optimized with the Yoast SEO plugin v27.5 - https:\/\/yoast.com\/product\/yoast-seo-wordpress\/ -->\n<title>Les contrats d&#039;alternance - CFTC-Darty IDF<\/title>\n<meta name=\"robots\" content=\"index, follow, max-snippet:-1, max-image-preview:large, max-video-preview:-1\" \/>\n<link rel=\"canonical\" href=\"https:\/\/cftc-dartyidf.fr\/index.php\/les-contrats-dalternance\/\" \/>\n<meta property=\"og:locale\" content=\"fr_FR\" \/>\n<meta property=\"og:type\" content=\"article\" \/>\n<meta property=\"og:title\" content=\"Les contrats d&#039;alternance - CFTC-Darty IDF\" \/>\n<meta property=\"og:description\" content=\"Ces contrats sont les contrats de professionnalisation ou d\u2019apprentissage. Ils associent les \u00e9coles pour la th\u00e9orie et les entreprises pour la pratique. Ils s\u2019adressent aux jeunes de 18 \u00e0 26 ... Lire plus\" \/>\n<meta property=\"og:url\" content=\"https:\/\/cftc-dartyidf.fr\/index.php\/les-contrats-dalternance\/\" \/>\n<meta property=\"og:site_name\" content=\"CFTC-Darty IDF\" \/>\n<meta name=\"twitter:card\" content=\"summary_large_image\" \/>\n<meta name=\"twitter:label1\" content=\"Dur\u00e9e de lecture estim\u00e9e\" \/>\n\t<meta name=\"twitter:data1\" content=\"1 minute\" \/>\n<script type=\"application\/ld+json\" class=\"yoast-schema-graph\">{\"@context\":\"https:\\\/\\\/schema.org\",\"@graph\":[{\"@type\":\"WebPage\",\"@id\":\"https:\\\/\\\/cftc-dartyidf.fr\\\/index.php\\\/les-contrats-dalternance\\\/\",\"url\":\"https:\\\/\\\/cftc-dartyidf.fr\\\/index.php\\\/les-contrats-dalternance\\\/\",\"name\":\"Les contrats d'alternance - CFTC-Darty IDF\",\"isPartOf\":{\"@id\":\"https:\\\/\\\/cftc-dartyidf.fr\\\/#website\"},\"datePublished\":\"2017-02-09T09:42:42+00:00\",\"breadcrumb\":{\"@id\":\"https:\\\/\\\/cftc-dartyidf.fr\\\/index.php\\\/les-contrats-dalternance\\\/#breadcrumb\"},\"inLanguage\":\"fr-FR\",\"potentialAction\":[{\"@type\":\"ReadAction\",\"target\":[\"https:\\\/\\\/cftc-dartyidf.fr\\\/index.php\\\/les-contrats-dalternance\\\/\"]}]},{\"@type\":\"BreadcrumbList\",\"@id\":\"https:\\\/\\\/cftc-dartyidf.fr\\\/index.php\\\/les-contrats-dalternance\\\/#breadcrumb\",\"itemListElement\":[{\"@type\":\"ListItem\",\"position\":1,\"name\":\"Accueil\",\"item\":\"https:\\\/\\\/cftc-dartyidf.fr\\\/\"},{\"@type\":\"ListItem\",\"position\":2,\"name\":\"Les contrats d&#8217;alternance\"}]},{\"@type\":\"WebSite\",\"@id\":\"https:\\\/\\\/cftc-dartyidf.fr\\\/#website\",\"url\":\"https:\\\/\\\/cftc-dartyidf.fr\\\/\",\"name\":\"CFTC-Darty IDF\",\"description\":\"Le site de la section syndicale CFTC chez Darty IDF\",\"potentialAction\":[{\"@type\":\"SearchAction\",\"target\":{\"@type\":\"EntryPoint\",\"urlTemplate\":\"https:\\\/\\\/cftc-dartyidf.fr\\\/?s={search_term_string}\"},\"query-input\":{\"@type\":\"PropertyValueSpecification\",\"valueRequired\":true,\"valueName\":\"search_term_string\"}}],\"inLanguage\":\"fr-FR\"}]}<\/script>\n<!-- \/ Yoast SEO plugin. -->","yoast_head_json":{"title":"Les contrats d'alternance - CFTC-Darty IDF","robots":{"index":"index","follow":"follow","max-snippet":"max-snippet:-1","max-image-preview":"max-image-preview:large","max-video-preview":"max-video-preview:-1"},"canonical":"https:\/\/cftc-dartyidf.fr\/index.php\/les-contrats-dalternance\/","og_locale":"fr_FR","og_type":"article","og_title":"Les contrats d'alternance - CFTC-Darty IDF","og_description":"Ces contrats sont les contrats de professionnalisation ou d\u2019apprentissage. Ils associent les \u00e9coles pour la th\u00e9orie et les entreprises pour la pratique. Ils s\u2019adressent aux jeunes de 18 \u00e0 26 ... Lire plus","og_url":"https:\/\/cftc-dartyidf.fr\/index.php\/les-contrats-dalternance\/","og_site_name":"CFTC-Darty IDF","twitter_card":"summary_large_image","twitter_misc":{"Dur\u00e9e de lecture estim\u00e9e":"1 minute"},"schema":{"@context":"https:\/\/schema.org","@graph":[{"@type":"WebPage","@id":"https:\/\/cftc-dartyidf.fr\/index.php\/les-contrats-dalternance\/","url":"https:\/\/cftc-dartyidf.fr\/index.php\/les-contrats-dalternance\/","name":"Les contrats d'alternance - CFTC-Darty IDF","isPartOf":{"@id":"https:\/\/cftc-dartyidf.fr\/#website"},"datePublished":"2017-02-09T09:42:42+00:00","breadcrumb":{"@id":"https:\/\/cftc-dartyidf.fr\/index.php\/les-contrats-dalternance\/#breadcrumb"},"inLanguage":"fr-FR","potentialAction":[{"@type":"ReadAction","target":["https:\/\/cftc-dartyidf.fr\/index.php\/les-contrats-dalternance\/"]}]},{"@type":"BreadcrumbList","@id":"https:\/\/cftc-dartyidf.fr\/index.php\/les-contrats-dalternance\/#breadcrumb","itemListElement":[{"@type":"ListItem","position":1,"name":"Accueil","item":"https:\/\/cftc-dartyidf.fr\/"},{"@type":"ListItem","position":2,"name":"Les contrats d&#8217;alternance"}]},{"@type":"WebSite","@id":"https:\/\/cftc-dartyidf.fr\/#website","url":"https:\/\/cftc-dartyidf.fr\/","name":"CFTC-Darty IDF","description":"Le site de la section syndicale CFTC chez Darty IDF","potentialAction":[{"@type":"SearchAction","target":{"@type":"EntryPoint","urlTemplate":"https:\/\/cftc-dartyidf.fr\/?s={search_term_string}"},"query-input":{"@type":"PropertyValueSpecification","valueRequired":true,"valueName":"search_term_string"}}],"inLanguage":"fr-FR"}]}},"jetpack_sharing_enabled":true,"jetpack_shortlink":"https:\/\/wp.me\/P8n98f-gk","jetpack-related-posts":[{"id":1010,"url":"https:\/\/cftc-dartyidf.fr\/index.php\/contrats-de-travail\/","url_meta":{"origin":1012,"position":0},"title":"Les contrats de travail","author":"webcsfv","date":"09\/02\/2017","format":false,"excerpt":"\u00a0 Le CDI (Contrat \u00e0 Dur\u00e9e Ind\u00e9termin\u00e9e) La p\u00e9riode d\u2019essai est de: 2 mois pour les EOT (Employ\u00e9 Ouvrier Technicien) 3 mois pour les Agents de Ma\u00eetrise 4 mois pour les cadres Elle peut \u00eatre renouvel\u00e9e une fois. Pendant la p\u00e9riode d\u2019essai les parties peuvent se s\u00e9parer sans pr\u00e9avis, ni\u2026","rel":"","context":"Article similaire","block_context":{"text":"Article similaire","link":""},"img":{"alt_text":"","src":"","width":0,"height":0},"classes":[]},{"id":1004,"url":"https:\/\/cftc-dartyidf.fr\/index.php\/participation-aux-benefices\/","url_meta":{"origin":1012,"position":1},"title":"La participation aux b\u00e9n\u00e9fices","author":"webcsfv","date":"09\/02\/2017","format":false,"excerpt":"C\u2019est un syst\u00e8me l\u00e9gal de redistribution aux salari\u00e9s, d\u2019une partie du b\u00e9n\u00e9fice net de l\u2019entreprise. Chez DARTY, le versement s\u2019effectue vers le mois de Juillet. Son montant est calcul\u00e9 \u00e0 partir d\u2019u pourcentage du salaire annuel brut de l\u2019ann\u00e9e de r\u00e9f\u00e9rence (du 1er Mai de l\u2019ann\u00e9e pass\u00e9e au 30 Avril\u2026","rel":"","context":"Article similaire","block_context":{"text":"Article similaire","link":""},"img":{"alt_text":"","src":"","width":0,"height":0},"classes":[]},{"id":956,"url":"https:\/\/cftc-dartyidf.fr\/index.php\/les-conges\/","url_meta":{"origin":1012,"position":2},"title":"La m\u00e9daille du travail","author":"webcsfv","date":"06\/02\/2017","format":false,"excerpt":"LA REGLE LEGALE : Anciennet\u00e9 M\u00e9daille 20 ans r\u00e9volus Argent 30 ans r\u00e9volus Vermeil 35 ans r\u00e9volus Or 40 ans r\u00e9volus Grande Or LA REGLE DARTY : (plus avantageuse que la r\u00e8gle l\u00e9gale) 20 ans, 30 ans et 40 ans d\u2019anciennet\u00e9 ou moins dans le groupe DARTY : Prise en\u2026","rel":"","context":"Article similaire","block_context":{"text":"Article similaire","link":""},"img":{"alt_text":"","src":"","width":0,"height":0},"classes":[]},{"id":997,"url":"https:\/\/cftc-dartyidf.fr\/index.php\/la-prime-danciennete\/","url_meta":{"origin":1012,"position":3},"title":"La prime d&#8217;anciennet\u00e9","author":"webcsfv","date":"09\/02\/2017","format":false,"excerpt":"Calcul de la prime d'anciennet\u00e9 : 1\/ Retrouver niveau et \u00e9chelon sur votre fiche de paie 2\/ Trouver le salaire minimum correspondant dans le tableau 1 3\/ Trouver le pourcentage du salaire en fonction de l\u2019anciennet\u00e9 dans le tableau 2 4\/ Prime d\u2019anciennet\u00e9 = Salaire minimum de la convention multipli\u00e9\u2026","rel":"","context":"Article similaire","block_context":{"text":"Article similaire","link":""},"img":{"alt_text":"","src":"","width":0,"height":0},"classes":[]},{"id":970,"url":"https:\/\/cftc-dartyidf.fr\/index.php\/conges-speciaux-de-courte-duree\/","url_meta":{"origin":1012,"position":4},"title":"Les cong\u00e9s sp\u00e9ciaux de courte dur\u00e9e","author":"webcsfv","date":"08\/02\/2017","format":false,"excerpt":"Tout salari\u00e9 b\u00e9n\u00e9ficie, SUR JUSTIFICATIF, d\u2019un cong\u00e9 r\u00e9mun\u00e9r\u00e9 (fixe et variable) lors de la survenance de l\u2019un des \u00e9v\u00e9nements familiaux suivants : \u00c9V\u00c9NEMENT\u00a0FAMILIAL CONVENTION COLLECTIVE ou AVANTAGE DARTY Mariage du salari\u00e9 (e) 5 jours (4 si moins d\u2019un an d\u2019anciennet\u00e9) Mariage d\u2019un enfant 1 jour Naissance d\u2019un enfant ou adoption\u2026","rel":"","context":"Article similaire","block_context":{"text":"Article similaire","link":""},"img":{"alt_text":"","src":"","width":0,"height":0},"classes":[]},{"id":983,"url":"https:\/\/cftc-dartyidf.fr\/index.php\/la-maladie\/","url_meta":{"origin":1012,"position":5},"title":"Maladie","author":"webcsfv","date":"08\/02\/2017","format":false,"excerpt":"Le salari\u00e9 absent pour maladie, doit pr\u00e9venir son employeur et motiver son absence. Au-del\u00e0 de 3 jours, cette absence doit en outre \u00eatre justifi\u00e9e par un certificat m\u00e9dical. Si le salari\u00e9 est absent pour maladie pendant au moins 21 jours, il doit pr\u00e9senter un certificat m\u00e9dical de reprise. L\u2019entreprise cesse\u2026","rel":"","context":"Article similaire","block_context":{"text":"Article similaire","link":""},"img":{"alt_text":"","src":"","width":0,"height":0},"classes":[]}],"ticketed":false,"_links":{"self":[{"href":"https:\/\/cftc-dartyidf.fr\/index.php\/wp-json\/wp\/v2\/pages\/1012","targetHints":{"allow":["GET"]}}],"collection":[{"href":"https:\/\/cftc-dartyidf.fr\/index.php\/wp-json\/wp\/v2\/pages"}],"about":[{"href":"https:\/\/cftc-dartyidf.fr\/index.php\/wp-json\/wp\/v2\/types\/page"}],"author":[{"embeddable":true,"href":"https:\/\/cftc-dartyidf.fr\/index.php\/wp-json\/wp\/v2\/users\/1"}],"replies":[{"embeddable":true,"href":"https:\/\/cftc-dartyidf.fr\/index.php\/wp-json\/wp\/v2\/comments?post=1012"}],"version-history":[{"count":1,"href":"https:\/\/cftc-dartyidf.fr\/index.php\/wp-json\/wp\/v2\/pages\/1012\/revisions"}],"predecessor-version":[{"id":1013,"href":"https:\/\/cftc-dartyidf.fr\/index.php\/wp-json\/wp\/v2\/pages\/1012\/revisions\/1013"}],"wp:attachment":[{"href":"https:\/\/cftc-dartyidf.fr\/index.php\/wp-json\/wp\/v2\/media?parent=1012"}],"curies":[{"name":"wp","href":"https:\/\/api.w.org\/{rel}","templated":true}]}}