{"version":"1.0","provider_name":"CFTC-Darty IDF","provider_url":"https:\/\/cftc-dartyidf.fr","author_name":"webcsfv","author_url":"https:\/\/cftc-dartyidf.fr\/index.php\/author\/webcsfv\/","title":"La v\u00e9rit\u00e9 sur les n\u00e9gociations du travail de nuit - CFTC-Darty IDF","type":"rich","width":600,"height":338,"html":"<blockquote class=\"wp-embedded-content\" data-secret=\"w8E9VJb4bz\"><a href=\"https:\/\/cftc-dartyidf.fr\/index.php\/2017\/11\/19\/verites-negociations-travail-de-nuit\/\">La v\u00e9rit\u00e9 sur les n\u00e9gociations du travail de nuit<\/a><\/blockquote><iframe sandbox=\"allow-scripts\" security=\"restricted\" src=\"https:\/\/cftc-dartyidf.fr\/index.php\/2017\/11\/19\/verites-negociations-travail-de-nuit\/embed\/#?secret=w8E9VJb4bz\" width=\"600\" height=\"338\" title=\"\u00ab\u00a0La v\u00e9rit\u00e9 sur les n\u00e9gociations du travail de nuit\u00a0\u00bb &#8212; CFTC-Darty IDF\" data-secret=\"w8E9VJb4bz\" frameborder=\"0\" marginwidth=\"0\" marginheight=\"0\" scrolling=\"no\" class=\"wp-embedded-content\"><\/iframe><script>\n\/*! This file is auto-generated *\/\n!function(d,l){\"use strict\";l.querySelector&&d.addEventListener&&\"undefined\"!=typeof URL&&(d.wp=d.wp||{},d.wp.receiveEmbedMessage||(d.wp.receiveEmbedMessage=function(e){var t=e.data;if((t||t.secret||t.message||t.value)&&!\/[^a-zA-Z0-9]\/.test(t.secret)){for(var s,r,n,a=l.querySelectorAll('iframe[data-secret=\"'+t.secret+'\"]'),o=l.querySelectorAll('blockquote[data-secret=\"'+t.secret+'\"]'),c=new RegExp(\"^https?:$\",\"i\"),i=0;i<o.length;i++)o[i].style.display=\"none\";for(i=0;i<a.length;i++)s=a[i],e.source===s.contentWindow&&(s.removeAttribute(\"style\"),\"height\"===t.message?(1e3<(r=parseInt(t.value,10))?r=1e3:~~r<200&&(r=200),s.height=r):\"link\"===t.message&&(r=new URL(s.getAttribute(\"src\")),n=new URL(t.value),c.test(n.protocol))&&n.host===r.host&&l.activeElement===s&&(d.top.location.href=t.value))}},d.addEventListener(\"message\",d.wp.receiveEmbedMessage,!1),l.addEventListener(\"DOMContentLoaded\",function(){for(var e,t,s=l.querySelectorAll(\"iframe.wp-embedded-content\"),r=0;r<s.length;r++)(t=(e=s[r]).getAttribute(\"data-secret\"))||(t=Math.random().toString(36).substring(2,12),e.src+=\"#?secret=\"+t,e.setAttribute(\"data-secret\",t)),e.contentWindow.postMessage({message:\"ready\",secret:t},\"*\")},!1)))}(window,document);\n<\/script>\n","thumbnail_url":"https:\/\/cftc-dartyidf.fr\/wp-content\/uploads\/2017\/11\/verite.jpg","thumbnail_width":1200,"thumbnail_height":630,"description":"Bonsoir \u00e0 tous, Suite \u00e0 plusieurs questions concernant la r\u00e9mun\u00e9ration des collaborateurs travaillant en soir\u00e9e, je vous informe que des n\u00e9gociations sont toujours en cours avec les Organisations Syndicales. Je ... Lire plus"}

La vérité sur les négociations du travail de nuit - CFTC-Darty IDF

<blockquote class="wp-embedded-content" data-secret="w8E9VJb4bz"><a href="https://cftc-dartyidf.fr/index.php/2017/11/19/verites-negociations-travail-de-nuit/">La vérité sur les négociations du travail de nuit</a></blockquote><iframe sandbox="allow-scripts" security="restricted" src="https://cftc-dartyidf.fr/index.php/2017/11/19/verites-negociations-travail-de-nuit/embed/#?secret=w8E9VJb4bz" width="600" height="338" title="« La vérité sur les négociations du travail de nuit » &#8212; CFTC-Darty IDF" data-secret="w8E9VJb4bz" frameborder="0" marginwidth="0" marginheight="0" scrolling="no" class="wp-embedded-content"></iframe><script>
/*! This file is auto-generated */
!function(d,l){"use strict";l.querySelector&&d.addEventListener&&"undefined"!=typeof URL&&(d.wp=d.wp||{},d.wp.receiveEmbedMessage||(d.wp.receiveEmbedMessage=function(e){var t=e.data;if((t||t.secret||t.message||t.value)&&!/[^a-zA-Z0-9]/.test(t.secret)){for(var s,r,n,a=l.querySelectorAll('iframe[data-secret="'+t.secret+'"]'),o=l.querySelectorAll('blockquote[data-secret="'+t.secret+'"]'),c=new RegExp("^https?:$","i"),i=0;i<o.length;i++)o[i].style.display="none";for(i=0;i<a.length;i++)s=a[i],e.source===s.contentWindow&&(s.removeAttribute("style"),"height"===t.message?(1e3<(r=parseInt(t.value,10))?r=1e3:~~r<200&&(r=200),s.height=r):"link"===t.message&&(r=new URL(s.getAttribute("src")),n=new URL(t.value),c.test(n.protocol))&&n.host===r.host&&l.activeElement===s&&(d.top.location.href=t.value))}},d.addEventListener("message",d.wp.receiveEmbedMessage,!1),l.addEventListener("DOMContentLoaded",function(){for(var e,t,s=l.querySelectorAll("iframe.wp-embedded-content"),r=0;r<s.length;r++)(t=(e=s[r]).getAttribute("data-secret"))||(t=Math.random().toString(36).substring(2,12),e.src+="#?secret="+t,e.setAttribute("data-secret",t)),e.contentWindow.postMessage({message:"ready",secret:t},"*")},!1)))}(window,document);
</script>

Bonsoir à tous, Suite à plusieurs questions concernant la rémunération des collaborateurs travaillant en soirée, je vous informe que des négociations sont toujours en cours avec les Organisations Syndicales. Je ... Lire plus
